{"id":2836,"date":"2023-12-27T01:20:27","date_gmt":"2023-12-27T00:20:27","guid":{"rendered":"https:\/\/raulavellaneda.de\/?page_id=2836"},"modified":"2024-02-29T01:15:05","modified_gmt":"2024-02-29T00:15:05","slug":"das-portraet-meines-vaters","status":"publish","type":"page","link":"https:\/\/raulavellaneda.de\/?page_id=2836","title":{"rendered":"Portr\u00e4t meines Vaters"},"content":{"rendered":"\n<div style=\"height:20px\" aria-hidden=\"true\" class=\"wp-block-spacer\"><\/div>\n\n\n\n<p class=\"has-medium-font-size\">&#8222;<em>Ich sah wie mein Vater und seine Komplizen, arme M\u00fctter und ihre Kinder zu Pferde und mit Peitschen \u00fcberfielen, als sie hungrig in der Dunkelheit versuchten, die verdorbenen Reste der gro\u00dfen Ernte als Nahrung f\u00fcr sich zu sammeln.\u201c<\/em><\/p>\n\n\n\n<p class=\"has-medium-font-size\"><em>&#8222;Mein `gesunder Kinderverstand\u00b4 sagte mir von Kind an, dass das, was als normal gelten sollte, etwas B\u00f6ses und Ungerechtes ist<\/em>. <em>Ich kann mich daran erinnern, dass ich meinen Vater jeden Morgen mit dem Hitlergru\u00df `Heil Hitler\u00b4 begr\u00fc\u00dfen musste, ohne dessen Bedeutung zu erahnen.\u201c<\/em><\/p>\n\n\n\n<div style=\"height:100px\" aria-hidden=\"true\" class=\"wp-block-spacer\"><\/div>\n\n\n\n<div class=\"wp-block-media-text is-stacked-on-mobile\" style=\"grid-template-columns:40% auto\"><figure class=\"wp-block-media-text__media\"><img loading=\"lazy\" decoding=\"async\" width=\"480\" height=\"642\" src=\"https:\/\/raulavellaneda.de\/wp-content\/uploads\/Web-CCF09052020_0002.jpg\" alt=\"\" class=\"wp-image-4694 size-full\" srcset=\"https:\/\/raulavellaneda.de\/wp-content\/uploads\/Web-CCF09052020_0002.jpg 480w, https:\/\/raulavellaneda.de\/wp-content\/uploads\/Web-CCF09052020_0002-224x300.jpg 224w\" sizes=\"auto, (max-width: 480px) 85vw, 480px\" \/><\/figure><div class=\"wp-block-media-text__content\">\n<p>Dar\u00edo Avellaneda Ribbeck, Huancayo, 1963<\/p>\n\n\n\n<p>Foto-Vorlage f\u00fcr &#8222;Portrait meines Vaters&#8220;<\/p>\n<\/div><\/div>\n\n\n\n<div style=\"height:100px\" aria-hidden=\"true\" class=\"wp-block-spacer\"><\/div>\n\n\n<div class=\"wp-block-image\">\n<figure class=\"aligncenter size-full\"><img loading=\"lazy\" decoding=\"async\" width=\"480\" height=\"613\" src=\"https:\/\/raulavellaneda.de\/wp-content\/uploads\/web-IMG_0237-1-4.jpg\" alt=\"\" class=\"wp-image-2846\" srcset=\"https:\/\/raulavellaneda.de\/wp-content\/uploads\/web-IMG_0237-1-4.jpg 480w, https:\/\/raulavellaneda.de\/wp-content\/uploads\/web-IMG_0237-1-4-235x300.jpg 235w\" sizes=\"auto, (max-width: 480px) 85vw, 480px\" \/><figcaption class=\"wp-element-caption\">Aus der Serie &#8222;Portrait meines Vaters&#8220; I, das Gesicht des Vaters und K\u00f6rperteile des K\u00fcnstlers als Fotokopien, Krankenhauskan\u00fcle, Assemblage,  35,5 x 45,5 x 5,5 cm, 1983 &#8211; 1984<\/figcaption><\/figure>\n<\/div>\n\n\n<div style=\"height:120px\" aria-hidden=\"true\" class=\"wp-block-spacer\"><\/div>\n\n\n<div class=\"wp-block-image\">\n<figure class=\"aligncenter size-full\"><img loading=\"lazy\" decoding=\"async\" width=\"480\" height=\"613\" src=\"https:\/\/raulavellaneda.de\/wp-content\/uploads\/web-NEU-IMG_0234.jpg\" alt=\"\" class=\"wp-image-2866\" srcset=\"https:\/\/raulavellaneda.de\/wp-content\/uploads\/web-NEU-IMG_0234.jpg 480w, https:\/\/raulavellaneda.de\/wp-content\/uploads\/web-NEU-IMG_0234-235x300.jpg 235w\" sizes=\"auto, (max-width: 480px) 85vw, 480px\" \/><figcaption class=\"wp-element-caption\">Aus der Serie &#8222;Portrait meines Vaters&#8220; II, Fotokopie vom Gesicht des Vaters, Krankenhauswatte und N\u00e4hgarn, Assemblage,  35,5 x 45,5 x 5,5 cm, 1983 &#8211; 1984<\/figcaption><\/figure>\n<\/div>\n\n\n<div style=\"height:120px\" aria-hidden=\"true\" class=\"wp-block-spacer\"><\/div>\n\n\n<div class=\"wp-block-image\">\n<figure class=\"aligncenter size-full\"><img loading=\"lazy\" decoding=\"async\" width=\"480\" height=\"613\" src=\"https:\/\/raulavellaneda.de\/wp-content\/uploads\/web-NEU-IMG_0242.jpg\" alt=\"\" class=\"wp-image-2870\" srcset=\"https:\/\/raulavellaneda.de\/wp-content\/uploads\/web-NEU-IMG_0242.jpg 480w, https:\/\/raulavellaneda.de\/wp-content\/uploads\/web-NEU-IMG_0242-235x300.jpg 235w\" sizes=\"auto, (max-width: 480px) 85vw, 480px\" \/><figcaption class=\"wp-element-caption\">Aus der Serie &#8222;Portrait meines Vaters&#8220; III, Fotokopie vom Gesicht des Vaters, ausgestopfte Kondome und Taschentuch, Assemblage,  35,5 x 45,5 x 5,5 cm, 1983 &#8211; 1984<\/figcaption><\/figure>\n<\/div>\n\n\n<div style=\"height:120px\" aria-hidden=\"true\" class=\"wp-block-spacer\"><\/div>\n\n\n<div class=\"wp-block-image\">\n<figure class=\"aligncenter size-full\"><img loading=\"lazy\" decoding=\"async\" width=\"480\" height=\"613\" src=\"https:\/\/raulavellaneda.de\/wp-content\/uploads\/web-NEU-IMG_0239.jpg\" alt=\"\" class=\"wp-image-2867\" srcset=\"https:\/\/raulavellaneda.de\/wp-content\/uploads\/web-NEU-IMG_0239.jpg 480w, https:\/\/raulavellaneda.de\/wp-content\/uploads\/web-NEU-IMG_0239-235x300.jpg 235w\" sizes=\"auto, (max-width: 480px) 85vw, 480px\" \/><figcaption class=\"wp-element-caption\">Aus der Serie &#8222;Portrait meines Vaters&#8220; IV, Fotokopien vom Gesicht des Vaters, Wachs und gebrauchte Krankenhausmullbinde, Assemblage,  35,5 x 45,5 x 5,5 cm, 1983 &#8211; 1984<\/figcaption><\/figure>\n<\/div>\n\n\n<div style=\"height:120px\" aria-hidden=\"true\" class=\"wp-block-spacer\"><\/div>\n\n\n<div class=\"wp-block-image\">\n<figure class=\"aligncenter size-full\"><img loading=\"lazy\" decoding=\"async\" width=\"480\" height=\"613\" src=\"https:\/\/raulavellaneda.de\/wp-content\/uploads\/web-IMG_0236.jpg\" alt=\"\" class=\"wp-image-2868\" srcset=\"https:\/\/raulavellaneda.de\/wp-content\/uploads\/web-IMG_0236.jpg 480w, https:\/\/raulavellaneda.de\/wp-content\/uploads\/web-IMG_0236-235x300.jpg 235w\" sizes=\"auto, (max-width: 480px) 85vw, 480px\" \/><figcaption class=\"wp-element-caption\">Aus der Serie &#8222;Portrait meines Vaters&#8220; V, Fotokopien vom Gesicht des Vaters, Milit\u00e4rplane und Krankenhausschl\u00e4uche, Assemblage,  35,5 x 45,5 x 5,5 cm, 1983 &#8211; 1984<\/figcaption><\/figure>\n<\/div>\n\n\n<div style=\"height:120px\" aria-hidden=\"true\" class=\"wp-block-spacer\"><\/div>\n\n\n<div class=\"wp-block-image\">\n<figure class=\"aligncenter size-full\"><img loading=\"lazy\" decoding=\"async\" width=\"480\" height=\"613\" src=\"https:\/\/raulavellaneda.de\/wp-content\/uploads\/web-NEU-IMG_0244.jpg\" alt=\"\" class=\"wp-image-2872\" srcset=\"https:\/\/raulavellaneda.de\/wp-content\/uploads\/web-NEU-IMG_0244.jpg 480w, https:\/\/raulavellaneda.de\/wp-content\/uploads\/web-NEU-IMG_0244-235x300.jpg 235w\" sizes=\"auto, (max-width: 480px) 85vw, 480px\" \/><figcaption class=\"wp-element-caption\">Aus der Serie &#8222;Portrait meines Vaters&#8220; VI, Fotokopien vom Gesicht des Vaters, Knochen, Pr\u00e4servativ, Krankenhausschlauch  und Wachs, Assemblage,  35,5 x 45,5 x 5,5 cm, 1983 &#8211; 1984<\/figcaption><\/figure>\n<\/div>\n\n\n<div style=\"height:120px\" aria-hidden=\"true\" class=\"wp-block-spacer\"><\/div>\n\n\n<div class=\"wp-block-image\">\n<figure class=\"aligncenter size-full\"><img loading=\"lazy\" decoding=\"async\" width=\"480\" height=\"613\" src=\"https:\/\/raulavellaneda.de\/wp-content\/uploads\/web-NEU-800-IMG_9258.jpg\" alt=\"\" class=\"wp-image-2902\" srcset=\"https:\/\/raulavellaneda.de\/wp-content\/uploads\/web-NEU-800-IMG_9258.jpg 480w, https:\/\/raulavellaneda.de\/wp-content\/uploads\/web-NEU-800-IMG_9258-235x300.jpg 235w\" sizes=\"auto, (max-width: 480px) 85vw, 480px\" \/><figcaption class=\"wp-element-caption\">Aus der Serie &#8222;Portrait meines Vaters&#8220; VII, Fotokopien vom Gesicht des Vaters, Krankenhauswatte, N\u00e4hgarn und Glas, Assemblage,  35,5 x 45,5 x 5,5 cm, 1983 &#8211; 1984<\/figcaption><\/figure>\n<\/div>\n\n\n<div style=\"height:10px\" aria-hidden=\"true\" class=\"wp-block-spacer\"><\/div>\n\n\n\n<p class=\"has-text-align-center has-medium-font-size\"><a href=\"https:\/\/raulavellaneda.de\/?page_id=1337\">Werke<\/a><\/p>\n","protected":false},"excerpt":{"rendered":"<p>&#8222;Ich sah wie mein Vater und seine Komplizen, arme M\u00fctter und ihre Kinder zu Pferde und mit Peitschen \u00fcberfielen, als sie hungrig in der Dunkelheit versuchten, die verdorbenen Reste der gro\u00dfen Ernte als Nahrung f\u00fcr sich zu sammeln.\u201c &#8222;Mein `gesunder Kinderverstand\u00b4 sagte mir von Kind an, dass das, was als normal gelten sollte, etwas B\u00f6ses &hellip; <a href=\"https:\/\/raulavellaneda.de\/?page_id=2836\" class=\"more-link\"><span class=\"screen-reader-text\">\u201ePortr\u00e4t meines Vaters\u201c<\/span> weiterlesen<\/a><\/p>\n","protected":false},"author":1,"featured_media":0,"parent":0,"menu_order":0,"comment_status":"closed","ping_status":"closed","template":"","meta":{"footnotes":""},"class_list":["post-2836","page","type-page","status-publish","hentry"],"_links":{"self":[{"href":"https:\/\/raulavellaneda.de\/index.php?rest_route=\/wp\/v2\/pages\/2836","targetHints":{"allow":["GET"]}}],"collection":[{"href":"https:\/\/raulavellaneda.de\/index.php?rest_route=\/wp\/v2\/pages"}],"about":[{"href":"https:\/\/raulavellaneda.de\/index.php?rest_route=\/wp\/v2\/types\/page"}],"author":[{"embeddable":true,"href":"https:\/\/raulavellaneda.de\/index.php?rest_route=\/wp\/v2\/users\/1"}],"replies":[{"embeddable":true,"href":"https:\/\/raulavellaneda.de\/index.php?rest_route=%2Fwp%2Fv2%2Fcomments&post=2836"}],"version-history":[{"count":21,"href":"https:\/\/raulavellaneda.de\/index.php?rest_route=\/wp\/v2\/pages\/2836\/revisions"}],"predecessor-version":[{"id":4778,"href":"https:\/\/raulavellaneda.de\/index.php?rest_route=\/wp\/v2\/pages\/2836\/revisions\/4778"}],"wp:attachment":[{"href":"https:\/\/raulavellaneda.de\/index.php?rest_route=%2Fwp%2Fv2%2Fmedia&parent=2836"}],"curies":[{"name":"wp","href":"https:\/\/api.w.org\/{rel}","templated":true}]}}

Porträt meines Vaters

<div style="height:20px" aria-hidden="true" class="wp-block-spacer"></div>



<p class="has-medium-font-size">&#8222;<em>Ich sah wie mein Vater und seine Komplizen, arme Mütter und ihre Kinder zu Pferde und mit Peitschen überfielen, als sie hungrig in der Dunkelheit versuchten, die verdorbenen Reste der großen Ernte als Nahrung für sich zu sammeln.“</em></p>



<p class="has-medium-font-size"><em>&#8222;Mein `gesunder Kinderverstand´ sagte mir von Kind an, dass das, was als normal gelten sollte, etwas Böses und Ungerechtes ist</em>. <em>Ich kann mich daran erinnern, dass ich meinen Vater jeden Morgen mit dem Hitlergruß `Heil Hitler´ begrüßen musste, ohne dessen Bedeutung zu erahnen.“</em></p>



<div style="height:100px" aria-hidden="true" class="wp-block-spacer"></div>



<div class="wp-block-media-text is-stacked-on-mobile" style="grid-template-columns:40% auto"><figure class="wp-block-media-text__media"><img loading="lazy" decoding="async" width="480" height="642" src="https://raulavellaneda.de/wp-content/uploads/Web-CCF09052020_0002.jpg" alt="" class="wp-image-4694 size-full" srcset="https://raulavellaneda.de/wp-content/uploads/Web-CCF09052020_0002.jpg 480w, https://raulavellaneda.de/wp-content/uploads/Web-CCF09052020_0002-224x300.jpg 224w" sizes="auto, (max-width: 480px) 85vw, 480px" /></figure><div class="wp-block-media-text__content">
<p>Darío Avellaneda Ribbeck, Huancayo, 1963</p>



<p>Foto-Vorlage für &#8222;Portrait meines Vaters&#8220;</p>
</div></div>



<div style="height:100px" aria-hidden="true" class="wp-block-spacer"></div>


<div class="wp-block-image">
<figure class="aligncenter size-full"><img loading="lazy" decoding="async" width="480" height="613" src="https://raulavellaneda.de/wp-content/uploads/web-IMG_0237-1-4.jpg" alt="" class="wp-image-2846" srcset="https://raulavellaneda.de/wp-content/uploads/web-IMG_0237-1-4.jpg 480w, https://raulavellaneda.de/wp-content/uploads/web-IMG_0237-1-4-235x300.jpg 235w" sizes="auto, (max-width: 480px) 85vw, 480px" /><figcaption class="wp-element-caption">Aus der Serie &#8222;Portrait meines Vaters&#8220; I, das Gesicht des Vaters und Körperteile des Künstlers als Fotokopien, Krankenhauskanüle, Assemblage,  35,5 x 45,5 x 5,5 cm, 1983 &#8211; 1984</figcaption></figure>
</div>


<div style="height:120px" aria-hidden="true" class="wp-block-spacer"></div>


<div class="wp-block-image">
<figure class="aligncenter size-full"><img loading="lazy" decoding="async" width="480" height="613" src="https://raulavellaneda.de/wp-content/uploads/web-NEU-IMG_0234.jpg" alt="" class="wp-image-2866" srcset="https://raulavellaneda.de/wp-content/uploads/web-NEU-IMG_0234.jpg 480w, https://raulavellaneda.de/wp-content/uploads/web-NEU-IMG_0234-235x300.jpg 235w" sizes="auto, (max-width: 480px) 85vw, 480px" /><figcaption class="wp-element-caption">Aus der Serie &#8222;Portrait meines Vaters&#8220; II, Fotokopie vom Gesicht des Vaters, Krankenhauswatte und Nähgarn, Assemblage,  35,5 x 45,5 x 5,5 cm, 1983 &#8211; 1984</figcaption></figure>
</div>


<div style="height:120px" aria-hidden="true" class="wp-block-spacer"></div>


<div class="wp-block-image">
<figure class="aligncenter size-full"><img loading="lazy" decoding="async" width="480" height="613" src="https://raulavellaneda.de/wp-content/uploads/web-NEU-IMG_0242.jpg" alt="" class="wp-image-2870" srcset="https://raulavellaneda.de/wp-content/uploads/web-NEU-IMG_0242.jpg 480w, https://raulavellaneda.de/wp-content/uploads/web-NEU-IMG_0242-235x300.jpg 235w" sizes="auto, (max-width: 480px) 85vw, 480px" /><figcaption class="wp-element-caption">Aus der Serie &#8222;Portrait meines Vaters&#8220; III, Fotokopie vom Gesicht des Vaters, ausgestopfte Kondome und Taschentuch, Assemblage,  35,5 x 45,5 x 5,5 cm, 1983 &#8211; 1984</figcaption></figure>
</div>


<div style="height:120px" aria-hidden="true" class="wp-block-spacer"></div>


<div class="wp-block-image">
<figure class="aligncenter size-full"><img loading="lazy" decoding="async" width="480" height="613" src="https://raulavellaneda.de/wp-content/uploads/web-NEU-IMG_0239.jpg" alt="" class="wp-image-2867" srcset="https://raulavellaneda.de/wp-content/uploads/web-NEU-IMG_0239.jpg 480w, https://raulavellaneda.de/wp-content/uploads/web-NEU-IMG_0239-235x300.jpg 235w" sizes="auto, (max-width: 480px) 85vw, 480px" /><figcaption class="wp-element-caption">Aus der Serie &#8222;Portrait meines Vaters&#8220; IV, Fotokopien vom Gesicht des Vaters, Wachs und gebrauchte Krankenhausmullbinde, Assemblage,  35,5 x 45,5 x 5,5 cm, 1983 &#8211; 1984</figcaption></figure>
</div>


<div style="height:120px" aria-hidden="true" class="wp-block-spacer"></div>


<div class="wp-block-image">
<figure class="aligncenter size-full"><img loading="lazy" decoding="async" width="480" height="613" src="https://raulavellaneda.de/wp-content/uploads/web-IMG_0236.jpg" alt="" class="wp-image-2868" srcset="https://raulavellaneda.de/wp-content/uploads/web-IMG_0236.jpg 480w, https://raulavellaneda.de/wp-content/uploads/web-IMG_0236-235x300.jpg 235w" sizes="auto, (max-width: 480px) 85vw, 480px" /><figcaption class="wp-element-caption">Aus der Serie &#8222;Portrait meines Vaters&#8220; V, Fotokopien vom Gesicht des Vaters, Militärplane und Krankenhausschläuche, Assemblage,  35,5 x 45,5 x 5,5 cm, 1983 &#8211; 1984</figcaption></figure>
</div>


<div style="height:120px" aria-hidden="true" class="wp-block-spacer"></div>


<div class="wp-block-image">
<figure class="aligncenter size-full"><img loading="lazy" decoding="async" width="480" height="613" src="https://raulavellaneda.de/wp-content/uploads/web-NEU-IMG_0244.jpg" alt="" class="wp-image-2872" srcset="https://raulavellaneda.de/wp-content/uploads/web-NEU-IMG_0244.jpg 480w, https://raulavellaneda.de/wp-content/uploads/web-NEU-IMG_0244-235x300.jpg 235w" sizes="auto, (max-width: 480px) 85vw, 480px" /><figcaption class="wp-element-caption">Aus der Serie &#8222;Portrait meines Vaters&#8220; VI, Fotokopien vom Gesicht des Vaters, Knochen, Präservativ, Krankenhausschlauch  und Wachs, Assemblage,  35,5 x 45,5 x 5,5 cm, 1983 &#8211; 1984</figcaption></figure>
</div>


<div style="height:120px" aria-hidden="true" class="wp-block-spacer"></div>


<div class="wp-block-image">
<figure class="aligncenter size-full"><img loading="lazy" decoding="async" width="480" height="613" src="https://raulavellaneda.de/wp-content/uploads/web-NEU-800-IMG_9258.jpg" alt="" class="wp-image-2902" srcset="https://raulavellaneda.de/wp-content/uploads/web-NEU-800-IMG_9258.jpg 480w, https://raulavellaneda.de/wp-content/uploads/web-NEU-800-IMG_9258-235x300.jpg 235w" sizes="auto, (max-width: 480px) 85vw, 480px" /><figcaption class="wp-element-caption">Aus der Serie &#8222;Portrait meines Vaters&#8220; VII, Fotokopien vom Gesicht des Vaters, Krankenhauswatte, Nähgarn und Glas, Assemblage,  35,5 x 45,5 x 5,5 cm, 1983 &#8211; 1984</figcaption></figure>
</div>


<div style="height:10px" aria-hidden="true" class="wp-block-spacer"></div>



<p class="has-text-align-center has-medium-font-size"><a href="https://raulavellaneda.de/?page_id=1337">Werke</a></p>

<p>&#8222;Ich sah wie mein Vater und seine Komplizen, arme Mütter und ihre Kinder zu Pferde und mit Peitschen überfielen, als sie hungrig in der Dunkelheit versuchten, die verdorbenen Reste der großen Ernte als Nahrung für sich zu sammeln.“ &#8222;Mein `gesunder Kinderverstand´ sagte mir von Kind an, dass das, was als normal gelten sollte, etwas Böses &hellip; <a href="https://raulavellaneda.de/?page_id=2836" class="more-link"><span class="screen-reader-text">„Porträt meines Vaters“</span> weiterlesen</a></p>
