{"id":1761,"date":"2023-11-21T21:25:12","date_gmt":"2023-11-21T20:25:12","guid":{"rendered":"https:\/\/raulavellaneda.de\/?page_id=1761"},"modified":"2026-01-07T16:31:57","modified_gmt":"2026-01-07T15:31:57","slug":"zeichnerische-ueberlegungen","status":"publish","type":"page","link":"https:\/\/raulavellaneda.de\/?page_id=1761","title":{"rendered":"Weitere Werke"},"content":{"rendered":"\n<div style=\"height:120px\" aria-hidden=\"true\" class=\"wp-block-spacer\"><\/div>\n\n\n\n<figure class=\"wp-block-image size-large\"><img loading=\"lazy\" decoding=\"async\" width=\"890\" height=\"1024\" src=\"https:\/\/raulavellaneda.de\/wp-content\/uploads\/web-gut-IMG_2464-890x1024.jpg\" alt=\"\" class=\"wp-image-5400\" srcset=\"https:\/\/raulavellaneda.de\/wp-content\/uploads\/web-gut-IMG_2464-890x1024.jpg 890w, https:\/\/raulavellaneda.de\/wp-content\/uploads\/web-gut-IMG_2464-261x300.jpg 261w, https:\/\/raulavellaneda.de\/wp-content\/uploads\/web-gut-IMG_2464-768x884.jpg 768w, https:\/\/raulavellaneda.de\/wp-content\/uploads\/web-gut-IMG_2464.jpg 900w\" sizes=\"auto, (max-width: 709px) 85vw, (max-width: 909px) 67vw, (max-width: 1362px) 62vw, 840px\" \/><figcaption class=\"wp-element-caption\">&#8222;Bacus&#8220;, Mischtechnik, 62,5 x 53 x 6 cm, 2012<\/figcaption><\/figure>\n\n\n\n<div style=\"height:120px\" aria-hidden=\"true\" class=\"wp-block-spacer\"><\/div>\n\n\n<div class=\"wp-block-image\">\n<figure class=\"aligncenter size-large\"><img loading=\"lazy\" decoding=\"async\" width=\"412\" height=\"1024\" src=\"https:\/\/raulavellaneda.de\/wp-content\/uploads\/web-gross-Korrigiert-sehr-gut--412x1024.jpg\" alt=\"\" class=\"wp-image-5414\" srcset=\"https:\/\/raulavellaneda.de\/wp-content\/uploads\/web-gross-Korrigiert-sehr-gut--412x1024.jpg 412w, https:\/\/raulavellaneda.de\/wp-content\/uploads\/web-gross-Korrigiert-sehr-gut--121x300.jpg 121w, https:\/\/raulavellaneda.de\/wp-content\/uploads\/web-gross-Korrigiert-sehr-gut--768x1908.jpg 768w, https:\/\/raulavellaneda.de\/wp-content\/uploads\/web-gross-Korrigiert-sehr-gut--618x1536.jpg 618w, https:\/\/raulavellaneda.de\/wp-content\/uploads\/web-gross-Korrigiert-sehr-gut--824x2048.jpg 824w, https:\/\/raulavellaneda.de\/wp-content\/uploads\/web-gross-Korrigiert-sehr-gut-.jpg 1000w\" sizes=\"auto, (max-width: 412px) 85vw, 412px\" \/><figcaption class=\"wp-element-caption\">&#8222;Faschistische Blicke&#8220;, Mischtechnik, 2025<\/figcaption><\/figure>\n<\/div>\n\n\n<div style=\"height:120px\" aria-hidden=\"true\" class=\"wp-block-spacer\"><\/div>\n\n\n<div class=\"wp-block-image\">\n<figure class=\"aligncenter size-full\"><img loading=\"lazy\" decoding=\"async\" width=\"500\" height=\"748\" src=\"https:\/\/raulavellaneda.de\/wp-content\/uploads\/web-2-Korrigiert-gut-.jpg\" alt=\"\" class=\"wp-image-5411\" srcset=\"https:\/\/raulavellaneda.de\/wp-content\/uploads\/web-2-Korrigiert-gut-.jpg 500w, https:\/\/raulavellaneda.de\/wp-content\/uploads\/web-2-Korrigiert-gut--201x300.jpg 201w\" sizes=\"auto, (max-width: 500px) 85vw, 500px\" \/><figcaption class=\"wp-element-caption\">&#8222;Der K\u00f6nig&#8220;, Kohle und Kreide auf Papier, 2025<\/figcaption><\/figure>\n<\/div>\n\n\n<div style=\"height:120px\" aria-hidden=\"true\" class=\"wp-block-spacer\"><\/div>\n\n\n<div class=\"wp-block-image\">\n<figure class=\"aligncenter size-full\"><img loading=\"lazy\" decoding=\"async\" width=\"480\" height=\"691\" src=\"https:\/\/raulavellaneda.de\/wp-content\/uploads\/web-IMG_20231024_142149-1.jpg\" alt=\"\" class=\"wp-image-3970\" srcset=\"https:\/\/raulavellaneda.de\/wp-content\/uploads\/web-IMG_20231024_142149-1.jpg 480w, https:\/\/raulavellaneda.de\/wp-content\/uploads\/web-IMG_20231024_142149-1-208x300.jpg 208w\" sizes=\"auto, (max-width: 480px) 85vw, 480px\" \/><figcaption class=\"wp-element-caption\">&#8222;Die Geburt meiner Selbst&#8220;, Mischtechnik, 35 x 50 cm, (Privatbesitz), 1996<\/figcaption><\/figure>\n<\/div>\n\n\n<div style=\"height:120px\" aria-hidden=\"true\" class=\"wp-block-spacer\"><\/div>\n\n\n<div class=\"wp-block-image\">\n<figure class=\"aligncenter size-full\"><img loading=\"lazy\" decoding=\"async\" width=\"840\" height=\"847\" src=\"https:\/\/raulavellaneda.de\/wp-content\/uploads\/web-6-3.jpg\" alt=\"\" class=\"wp-image-3993\" srcset=\"https:\/\/raulavellaneda.de\/wp-content\/uploads\/web-6-3.jpg 840w, https:\/\/raulavellaneda.de\/wp-content\/uploads\/web-6-3-298x300.jpg 298w, https:\/\/raulavellaneda.de\/wp-content\/uploads\/web-6-3-150x150.jpg 150w, https:\/\/raulavellaneda.de\/wp-content\/uploads\/web-6-3-768x774.jpg 768w\" sizes=\"auto, (max-width: 709px) 85vw, (max-width: 909px) 67vw, (max-width: 1362px) 62vw, 840px\" \/><figcaption class=\"wp-element-caption\">&#8222;Dogma, Lies and Slaughter&#8220;\/ &#8222;Dogma, L\u00fcgen und Gemetzel&#8220;, Mischtechnik auf Holz und Leinwand, 170 x 170 x 5cm, (Privatbesitz \/ Markus B\u00f6hm), 2021<\/figcaption><\/figure>\n<\/div>\n\n\n<div style=\"height:100px\" aria-hidden=\"true\" class=\"wp-block-spacer\"><\/div>\n\n\n\n<figure class=\"wp-block-image size-full\"><img loading=\"lazy\" decoding=\"async\" width=\"840\" height=\"495\" src=\"https:\/\/raulavellaneda.de\/wp-content\/uploads\/web-IMG_0717-2.jpg\" alt=\"\" class=\"wp-image-3988\" srcset=\"https:\/\/raulavellaneda.de\/wp-content\/uploads\/web-IMG_0717-2.jpg 840w, https:\/\/raulavellaneda.de\/wp-content\/uploads\/web-IMG_0717-2-300x177.jpg 300w, https:\/\/raulavellaneda.de\/wp-content\/uploads\/web-IMG_0717-2-768x453.jpg 768w\" sizes=\"auto, (max-width: 709px) 85vw, (max-width: 909px) 67vw, (max-width: 1362px) 62vw, 840px\" \/><figcaption class=\"wp-element-caption\">&#8222;Verschwendung&#8220;, Mischtechnik auf Papier, 41 x 24 cm, 1993<\/figcaption><\/figure>\n\n\n\n<div style=\"height:120px\" aria-hidden=\"true\" class=\"wp-block-spacer\"><\/div>\n\n\n<div class=\"wp-block-image\">\n<figure class=\"aligncenter size-full\"><img loading=\"lazy\" decoding=\"async\" width=\"480\" height=\"676\" src=\"https:\/\/raulavellaneda.de\/wp-content\/uploads\/web-3-4.jpg\" alt=\"\" class=\"wp-image-4002\" srcset=\"https:\/\/raulavellaneda.de\/wp-content\/uploads\/web-3-4.jpg 480w, https:\/\/raulavellaneda.de\/wp-content\/uploads\/web-3-4-213x300.jpg 213w\" sizes=\"auto, (max-width: 480px) 85vw, 480px\" \/><figcaption class=\"wp-element-caption\">&#8222;Christel&#8220;, Bleistift auf Zeichenblock, 18 x 21 cm, 1997<\/figcaption><\/figure>\n<\/div>\n\n\n<div style=\"height:120px\" aria-hidden=\"true\" class=\"wp-block-spacer\"><\/div>\n\n\n<div class=\"wp-block-image\">\n<figure class=\"aligncenter size-full\"><img loading=\"lazy\" decoding=\"async\" width=\"480\" height=\"762\" src=\"https:\/\/raulavellaneda.de\/wp-content\/uploads\/web1-2.jpg\" alt=\"\" class=\"wp-image-3995\" srcset=\"https:\/\/raulavellaneda.de\/wp-content\/uploads\/web1-2.jpg 480w, https:\/\/raulavellaneda.de\/wp-content\/uploads\/web1-2-189x300.jpg 189w\" sizes=\"auto, (max-width: 480px) 85vw, 480px\" \/><figcaption class=\"wp-element-caption\">&#8222;Portrait eines Fahrradh\u00e4ndlers&#8220;, Mischtechnik auf Papier, 80 x 130 cm, (Privatbesitz), 1995<\/figcaption><\/figure>\n<\/div>\n\n\n<div style=\"height:100px\" aria-hidden=\"true\" class=\"wp-block-spacer\"><\/div>\n\n\n<div class=\"wp-block-image\">\n<figure class=\"aligncenter size-full\"><img loading=\"lazy\" decoding=\"async\" width=\"480\" height=\"720\" src=\"https:\/\/raulavellaneda.de\/wp-content\/uploads\/web-IMG_0620-1.jpg\" alt=\"\" class=\"wp-image-3989\" srcset=\"https:\/\/raulavellaneda.de\/wp-content\/uploads\/web-IMG_0620-1.jpg 480w, https:\/\/raulavellaneda.de\/wp-content\/uploads\/web-IMG_0620-1-200x300.jpg 200w\" sizes=\"auto, (max-width: 480px) 85vw, 480px\" \/><figcaption class=\"wp-element-caption\">Aus der Serie <em>Tote Natur<\/em>, &#8222;Herz Jesu&#8220;, Mischtechnik auf Papier, 40 x 60 cm, 1993<\/figcaption><\/figure>\n<\/div>\n\n\n<div style=\"height:120px\" aria-hidden=\"true\" class=\"wp-block-spacer\"><\/div>\n\n\n<div class=\"wp-block-image\">\n<figure class=\"aligncenter size-full\"><img loading=\"lazy\" decoding=\"async\" width=\"480\" height=\"595\" src=\"https:\/\/raulavellaneda.de\/wp-content\/uploads\/web-IMG_0622-2.jpg\" alt=\"\" class=\"wp-image-3990\" srcset=\"https:\/\/raulavellaneda.de\/wp-content\/uploads\/web-IMG_0622-2.jpg 480w, https:\/\/raulavellaneda.de\/wp-content\/uploads\/web-IMG_0622-2-242x300.jpg 242w\" sizes=\"auto, (max-width: 480px) 85vw, 480px\" \/><figcaption class=\"wp-element-caption\">Aus der Serie <em>Tote Natur<\/em>,  &#8222;cuanta sed perdida&#8220; (wie viel verlorenen Durst), Mischtechnik auf Papier, 40 x 50 cm, 1993<\/figcaption><\/figure>\n<\/div>\n\n\n<div style=\"height:120px\" aria-hidden=\"true\" class=\"wp-block-spacer\"><\/div>\n\n\n<div class=\"wp-block-image\">\n<figure class=\"aligncenter size-full\"><img loading=\"lazy\" decoding=\"async\" width=\"480\" height=\"599\" src=\"https:\/\/raulavellaneda.de\/wp-content\/uploads\/web-IMG_0854-1.jpg\" alt=\"\" class=\"wp-image-4939\" srcset=\"https:\/\/raulavellaneda.de\/wp-content\/uploads\/web-IMG_0854-1.jpg 480w, https:\/\/raulavellaneda.de\/wp-content\/uploads\/web-IMG_0854-1-240x300.jpg 240w\" sizes=\"auto, (max-width: 480px) 85vw, 480px\" \/><figcaption class=\"wp-element-caption\">&#8222;Freundinnen f\u00fcr immer&#8220; (Zoila Mir\u00f3 Quesada, die Gro\u00dfmutter des K\u00fcnstlers und eine Freundin), Mischtechnik auf Papier, 73,5 x 93,5cm, 1994<\/figcaption><\/figure>\n<\/div>\n\n\n<div style=\"height:20px\" aria-hidden=\"true\" class=\"wp-block-spacer\"><\/div>\n\n\n\n<p class=\"has-text-align-center has-medium-font-size\"><a href=\"https:\/\/raulavellaneda.de\/?page_id=1337\">Werke<\/a><\/p>\n","protected":false},"excerpt":{"rendered":"<p>Werke<\/p>\n","protected":false},"author":1,"featured_media":0,"parent":0,"menu_order":0,"comment_status":"closed","ping_status":"closed","template":"","meta":{"footnotes":""},"class_list":["post-1761","page","type-page","status-publish","hentry"],"_links":{"self":[{"href":"https:\/\/raulavellaneda.de\/index.php?rest_route=\/wp\/v2\/pages\/1761","targetHints":{"allow":["GET"]}}],"collection":[{"href":"https:\/\/raulavellaneda.de\/index.php?rest_route=\/wp\/v2\/pages"}],"about":[{"href":"https:\/\/raulavellaneda.de\/index.php?rest_route=\/wp\/v2\/types\/page"}],"author":[{"embeddable":true,"href":"https:\/\/raulavellaneda.de\/index.php?rest_route=\/wp\/v2\/users\/1"}],"replies":[{"embeddable":true,"href":"https:\/\/raulavellaneda.de\/index.php?rest_route=%2Fwp%2Fv2%2Fcomments&post=1761"}],"version-history":[{"count":27,"href":"https:\/\/raulavellaneda.de\/index.php?rest_route=\/wp\/v2\/pages\/1761\/revisions"}],"predecessor-version":[{"id":5415,"href":"https:\/\/raulavellaneda.de\/index.php?rest_route=\/wp\/v2\/pages\/1761\/revisions\/5415"}],"wp:attachment":[{"href":"https:\/\/raulavellaneda.de\/index.php?rest_route=%2Fwp%2Fv2%2Fmedia&parent=1761"}],"curies":[{"name":"wp","href":"https:\/\/api.w.org\/{rel}","templated":true}]}}

<div style="height:120px" aria-hidden="true" class="wp-block-spacer"></div>



<figure class="wp-block-image size-large"><img loading="lazy" decoding="async" width="890" height="1024" src="https://raulavellaneda.de/wp-content/uploads/web-gut-IMG_2464-890x1024.jpg" alt="" class="wp-image-5400" srcset="https://raulavellaneda.de/wp-content/uploads/web-gut-IMG_2464-890x1024.jpg 890w, https://raulavellaneda.de/wp-content/uploads/web-gut-IMG_2464-261x300.jpg 261w, https://raulavellaneda.de/wp-content/uploads/web-gut-IMG_2464-768x884.jpg 768w, https://raulavellaneda.de/wp-content/uploads/web-gut-IMG_2464.jpg 900w" sizes="auto, (max-width: 709px) 85vw, (max-width: 909px) 67vw, (max-width: 1362px) 62vw, 840px" /><figcaption class="wp-element-caption">&#8222;Bacus&#8220;, Mischtechnik, 62,5 x 53 x 6 cm, 2012</figcaption></figure>



<div style="height:120px" aria-hidden="true" class="wp-block-spacer"></div>


<div class="wp-block-image">
<figure class="aligncenter size-large"><img loading="lazy" decoding="async" width="412" height="1024" src="https://raulavellaneda.de/wp-content/uploads/web-gross-Korrigiert-sehr-gut--412x1024.jpg" alt="" class="wp-image-5414" srcset="https://raulavellaneda.de/wp-content/uploads/web-gross-Korrigiert-sehr-gut--412x1024.jpg 412w, https://raulavellaneda.de/wp-content/uploads/web-gross-Korrigiert-sehr-gut--121x300.jpg 121w, https://raulavellaneda.de/wp-content/uploads/web-gross-Korrigiert-sehr-gut--768x1908.jpg 768w, https://raulavellaneda.de/wp-content/uploads/web-gross-Korrigiert-sehr-gut--618x1536.jpg 618w, https://raulavellaneda.de/wp-content/uploads/web-gross-Korrigiert-sehr-gut--824x2048.jpg 824w, https://raulavellaneda.de/wp-content/uploads/web-gross-Korrigiert-sehr-gut-.jpg 1000w" sizes="auto, (max-width: 412px) 85vw, 412px" /><figcaption class="wp-element-caption">&#8222;Faschistische Blicke&#8220;, Mischtechnik, 2025</figcaption></figure>
</div>


<div style="height:120px" aria-hidden="true" class="wp-block-spacer"></div>


<div class="wp-block-image">
<figure class="aligncenter size-full"><img loading="lazy" decoding="async" width="500" height="748" src="https://raulavellaneda.de/wp-content/uploads/web-2-Korrigiert-gut-.jpg" alt="" class="wp-image-5411" srcset="https://raulavellaneda.de/wp-content/uploads/web-2-Korrigiert-gut-.jpg 500w, https://raulavellaneda.de/wp-content/uploads/web-2-Korrigiert-gut--201x300.jpg 201w" sizes="auto, (max-width: 500px) 85vw, 500px" /><figcaption class="wp-element-caption">&#8222;Der König&#8220;, Kohle und Kreide auf Papier, 2025</figcaption></figure>
</div>


<div style="height:120px" aria-hidden="true" class="wp-block-spacer"></div>


<div class="wp-block-image">
<figure class="aligncenter size-full"><img loading="lazy" decoding="async" width="480" height="691" src="https://raulavellaneda.de/wp-content/uploads/web-IMG_20231024_142149-1.jpg" alt="" class="wp-image-3970" srcset="https://raulavellaneda.de/wp-content/uploads/web-IMG_20231024_142149-1.jpg 480w, https://raulavellaneda.de/wp-content/uploads/web-IMG_20231024_142149-1-208x300.jpg 208w" sizes="auto, (max-width: 480px) 85vw, 480px" /><figcaption class="wp-element-caption">&#8222;Die Geburt meiner Selbst&#8220;, Mischtechnik, 35 x 50 cm, (Privatbesitz), 1996</figcaption></figure>
</div>


<div style="height:120px" aria-hidden="true" class="wp-block-spacer"></div>


<div class="wp-block-image">
<figure class="aligncenter size-full"><img loading="lazy" decoding="async" width="840" height="847" src="https://raulavellaneda.de/wp-content/uploads/web-6-3.jpg" alt="" class="wp-image-3993" srcset="https://raulavellaneda.de/wp-content/uploads/web-6-3.jpg 840w, https://raulavellaneda.de/wp-content/uploads/web-6-3-298x300.jpg 298w, https://raulavellaneda.de/wp-content/uploads/web-6-3-150x150.jpg 150w, https://raulavellaneda.de/wp-content/uploads/web-6-3-768x774.jpg 768w" sizes="auto, (max-width: 709px) 85vw, (max-width: 909px) 67vw, (max-width: 1362px) 62vw, 840px" /><figcaption class="wp-element-caption">&#8222;Dogma, Lies and Slaughter&#8220;/ &#8222;Dogma, Lügen und Gemetzel&#8220;, Mischtechnik auf Holz und Leinwand, 170 x 170 x 5cm, (Privatbesitz / Markus Böhm), 2021</figcaption></figure>
</div>


<div style="height:100px" aria-hidden="true" class="wp-block-spacer"></div>



<figure class="wp-block-image size-full"><img loading="lazy" decoding="async" width="840" height="495" src="https://raulavellaneda.de/wp-content/uploads/web-IMG_0717-2.jpg" alt="" class="wp-image-3988" srcset="https://raulavellaneda.de/wp-content/uploads/web-IMG_0717-2.jpg 840w, https://raulavellaneda.de/wp-content/uploads/web-IMG_0717-2-300x177.jpg 300w, https://raulavellaneda.de/wp-content/uploads/web-IMG_0717-2-768x453.jpg 768w" sizes="auto, (max-width: 709px) 85vw, (max-width: 909px) 67vw, (max-width: 1362px) 62vw, 840px" /><figcaption class="wp-element-caption">&#8222;Verschwendung&#8220;, Mischtechnik auf Papier, 41 x 24 cm, 1993</figcaption></figure>



<div style="height:120px" aria-hidden="true" class="wp-block-spacer"></div>


<div class="wp-block-image">
<figure class="aligncenter size-full"><img loading="lazy" decoding="async" width="480" height="676" src="https://raulavellaneda.de/wp-content/uploads/web-3-4.jpg" alt="" class="wp-image-4002" srcset="https://raulavellaneda.de/wp-content/uploads/web-3-4.jpg 480w, https://raulavellaneda.de/wp-content/uploads/web-3-4-213x300.jpg 213w" sizes="auto, (max-width: 480px) 85vw, 480px" /><figcaption class="wp-element-caption">&#8222;Christel&#8220;, Bleistift auf Zeichenblock, 18 x 21 cm, 1997</figcaption></figure>
</div>


<div style="height:120px" aria-hidden="true" class="wp-block-spacer"></div>


<div class="wp-block-image">
<figure class="aligncenter size-full"><img loading="lazy" decoding="async" width="480" height="762" src="https://raulavellaneda.de/wp-content/uploads/web1-2.jpg" alt="" class="wp-image-3995" srcset="https://raulavellaneda.de/wp-content/uploads/web1-2.jpg 480w, https://raulavellaneda.de/wp-content/uploads/web1-2-189x300.jpg 189w" sizes="auto, (max-width: 480px) 85vw, 480px" /><figcaption class="wp-element-caption">&#8222;Portrait eines Fahrradhändlers&#8220;, Mischtechnik auf Papier, 80 x 130 cm, (Privatbesitz), 1995</figcaption></figure>
</div>


<div style="height:100px" aria-hidden="true" class="wp-block-spacer"></div>


<div class="wp-block-image">
<figure class="aligncenter size-full"><img loading="lazy" decoding="async" width="480" height="720" src="https://raulavellaneda.de/wp-content/uploads/web-IMG_0620-1.jpg" alt="" class="wp-image-3989" srcset="https://raulavellaneda.de/wp-content/uploads/web-IMG_0620-1.jpg 480w, https://raulavellaneda.de/wp-content/uploads/web-IMG_0620-1-200x300.jpg 200w" sizes="auto, (max-width: 480px) 85vw, 480px" /><figcaption class="wp-element-caption">Aus der Serie <em>Tote Natur</em>, &#8222;Herz Jesu&#8220;, Mischtechnik auf Papier, 40 x 60 cm, 1993</figcaption></figure>
</div>


<div style="height:120px" aria-hidden="true" class="wp-block-spacer"></div>


<div class="wp-block-image">
<figure class="aligncenter size-full"><img loading="lazy" decoding="async" width="480" height="595" src="https://raulavellaneda.de/wp-content/uploads/web-IMG_0622-2.jpg" alt="" class="wp-image-3990" srcset="https://raulavellaneda.de/wp-content/uploads/web-IMG_0622-2.jpg 480w, https://raulavellaneda.de/wp-content/uploads/web-IMG_0622-2-242x300.jpg 242w" sizes="auto, (max-width: 480px) 85vw, 480px" /><figcaption class="wp-element-caption">Aus der Serie <em>Tote Natur</em>,  &#8222;cuanta sed perdida&#8220; (wie viel verlorenen Durst), Mischtechnik auf Papier, 40 x 50 cm, 1993</figcaption></figure>
</div>


<div style="height:120px" aria-hidden="true" class="wp-block-spacer"></div>


<div class="wp-block-image">
<figure class="aligncenter size-full"><img loading="lazy" decoding="async" width="480" height="599" src="https://raulavellaneda.de/wp-content/uploads/web-IMG_0854-1.jpg" alt="" class="wp-image-4939" srcset="https://raulavellaneda.de/wp-content/uploads/web-IMG_0854-1.jpg 480w, https://raulavellaneda.de/wp-content/uploads/web-IMG_0854-1-240x300.jpg 240w" sizes="auto, (max-width: 480px) 85vw, 480px" /><figcaption class="wp-element-caption">&#8222;Freundinnen für immer&#8220; (Zoila Miró Quesada, die Großmutter des Künstlers und eine Freundin), Mischtechnik auf Papier, 73,5 x 93,5cm, 1994</figcaption></figure>
</div>


<div style="height:20px" aria-hidden="true" class="wp-block-spacer"></div>



<p class="has-text-align-center has-medium-font-size"><a href="https://raulavellaneda.de/?page_id=1337">Werke</a></p>
