{"id":1606,"date":"2023-11-20T21:09:23","date_gmt":"2023-11-20T20:09:23","guid":{"rendered":"https:\/\/raulavellaneda.de\/?page_id=1606"},"modified":"2024-07-24T19:34:20","modified_gmt":"2024-07-24T17:34:20","slug":"meine-praesidentin","status":"publish","type":"page","link":"https:\/\/raulavellaneda.de\/?page_id=1606","title":{"rendered":"&#8222;Dina &#038; Donald&#8220;"},"content":{"rendered":"\n<div style=\"height:20px\" aria-hidden=\"true\" class=\"wp-block-spacer\"><\/div>\n\n\n\n<p class=\"has-medium-font-size\"><strong>&#8222;Dina&#8220;<\/strong>, aus der Serie <\/p>\n\n\n\n<p class=\"has-medium-font-size\">&#8222;Wie viele Tote wollt ihr noch haben?&#8220;<\/p>\n\n\n\n<div style=\"height:20px\" aria-hidden=\"true\" class=\"wp-block-spacer\"><\/div>\n\n\n\n<p class=\"has-medium-font-size\">Dina Boluarte wurde in Peru zur Ministerin f\u00fcr Entwicklung und soziale Inklusion, im Kabinett der links gerichteten Regierung von Pedro Castillo, im Jahr 2021, eingesetzt.<\/p>\n\n\n\n<p class=\"has-medium-font-size\">Nach einem gescheiterten Putschversuch Castillos, wurde sie, mit Unterst\u00fctzung der rechten reaktion\u00e4ren Kr\u00e4fte des Landes, zur neuen Pr\u00e4sidentin ernannt. Somit ist sie die erste Frau, der Nation, in dieser Position.<\/p>\n\n\n\n<p class=\"has-medium-font-size\">Seit Beginn der Amts\u00fcbernahme kam es verst\u00e4rkt zu Protesten in Peru. Als Folge der Unterdr\u00fcckung wurden bis jetzt 66 Menschen von den peruanischen Streitkr\u00e4ften und der nationalen Polizei umgebracht.<\/p>\n\n\n\n<p class=\"has-medium-font-size\">In einem \u00f6ffentlichen Auftritt, in der Hauptstadt, im Juni 2023 sagte sie: \u201eUm Gotteswillen, wie viele Tote wollt ihr noch haben?\u201c<\/p>\n\n\n\n<p class=\"has-medium-font-size\">Frau Boluarte ist bewusst, dass wenn sie ihre Zusammenarbeit mit den rechten Kr\u00e4ften beenden w\u00fcrde, sie ihre Machtposition abgeben m\u00fcsste und wegen der Verbrechen im Gef\u00e4ngnis enden w\u00fcrde.<\/p>\n\n\n\n<div style=\"height:100px\" aria-hidden=\"true\" class=\"wp-block-spacer\"><\/div>\n\n\n<div class=\"wp-block-image\">\n<figure class=\"aligncenter size-full is-resized\"><img loading=\"lazy\" decoding=\"async\" width=\"2560\" height=\"1224\" src=\"https:\/\/raulavellaneda.de\/wp-content\/uploads\/IMG_0598-scaled.jpg\" alt=\"\" class=\"wp-image-3543\" style=\"width:918px;height:auto\" srcset=\"https:\/\/raulavellaneda.de\/wp-content\/uploads\/IMG_0598-scaled.jpg 2560w, https:\/\/raulavellaneda.de\/wp-content\/uploads\/IMG_0598-300x143.jpg 300w, https:\/\/raulavellaneda.de\/wp-content\/uploads\/IMG_0598-1024x490.jpg 1024w, https:\/\/raulavellaneda.de\/wp-content\/uploads\/IMG_0598-768x367.jpg 768w, https:\/\/raulavellaneda.de\/wp-content\/uploads\/IMG_0598-1536x735.jpg 1536w, https:\/\/raulavellaneda.de\/wp-content\/uploads\/IMG_0598-2048x979.jpg 2048w, https:\/\/raulavellaneda.de\/wp-content\/uploads\/IMG_0598-1200x574.jpg 1200w\" sizes=\"auto, (max-width: 709px) 85vw, (max-width: 909px) 67vw, (max-width: 1362px) 62vw, 840px\" \/><figcaption class=\"wp-element-caption\"> &#8222;Um Gotteswillen, wie viele Tote wollt ihr noch haben?&#8220; aus der Serie &#8222;Wie viele Tote wollt ihr noch haben?&#8220;, Mischtechnik, 125 x 60cm, 2023<\/figcaption><\/figure>\n<\/div>\n\n\n<div style=\"height:120px\" aria-hidden=\"true\" class=\"wp-block-spacer\"><\/div>\n\n\n<div class=\"wp-block-image\">\n<figure class=\"aligncenter size-full\"><img loading=\"lazy\" decoding=\"async\" width=\"480\" height=\"612\" src=\"https:\/\/raulavellaneda.de\/wp-content\/uploads\/web-IMG_0600-1.jpg\" alt=\"\" class=\"wp-image-4359\" srcset=\"https:\/\/raulavellaneda.de\/wp-content\/uploads\/web-IMG_0600-1.jpg 480w, https:\/\/raulavellaneda.de\/wp-content\/uploads\/web-IMG_0600-1-235x300.jpg 235w\" sizes=\"auto, (max-width: 480px) 85vw, 480px\" \/><figcaption class=\"wp-element-caption\"> &#8222;Wie viele mehr?&#8220; aus der Serie &#8222;Wie viele Tote wollt ihr noch haben?&#8220;, Assemblage, 35,5 x 45,5 x  5 cm, 2023<\/figcaption><\/figure>\n<\/div>\n\n\n<div style=\"height:120px\" aria-hidden=\"true\" class=\"wp-block-spacer\"><\/div>\n\n\n<div class=\"wp-block-image\">\n<figure class=\"aligncenter size-full\"><img loading=\"lazy\" decoding=\"async\" width=\"480\" height=\"756\" src=\"https:\/\/raulavellaneda.de\/wp-content\/uploads\/web-IMG_0601.jpg\" alt=\"\" class=\"wp-image-1614\" srcset=\"https:\/\/raulavellaneda.de\/wp-content\/uploads\/web-IMG_0601.jpg 480w, https:\/\/raulavellaneda.de\/wp-content\/uploads\/web-IMG_0601-190x300.jpg 190w\" sizes=\"auto, (max-width: 480px) 85vw, 480px\" \/><figcaption class=\"wp-element-caption\"> &#8222;Wie viele Tote mehr?&#8220; aus der Serie &#8222;Wie viele Tote wollt ihr noch haben?&#8220;, Assemblage, 35,5 x 45,5 x 8 cm, 2023<\/figcaption><\/figure>\n<\/div>\n\n\n<div style=\"height:120px\" aria-hidden=\"true\" class=\"wp-block-spacer\"><\/div>\n\n\n<div class=\"wp-block-image\">\n<figure class=\"aligncenter size-full is-resized\"><img loading=\"lazy\" decoding=\"async\" width=\"840\" height=\"836\" src=\"https:\/\/raulavellaneda.de\/wp-content\/uploads\/web-IMG_0787.jpg\" alt=\"\" class=\"wp-image-1908\" style=\"width:630px;height:auto\" srcset=\"https:\/\/raulavellaneda.de\/wp-content\/uploads\/web-IMG_0787.jpg 840w, https:\/\/raulavellaneda.de\/wp-content\/uploads\/web-IMG_0787-300x300.jpg 300w, https:\/\/raulavellaneda.de\/wp-content\/uploads\/web-IMG_0787-150x150.jpg 150w, https:\/\/raulavellaneda.de\/wp-content\/uploads\/web-IMG_0787-768x764.jpg 768w\" sizes=\"auto, (max-width: 709px) 85vw, (max-width: 909px) 67vw, (max-width: 1362px) 62vw, 840px\" \/><figcaption class=\"wp-element-caption\"> &#8222;Peru \u00fcber alles &#8220; I aus der Serie &#8222;Wie viele Tote wollt ihr noch haben?&#8220;, Assemblage, 52 x 52 x 4,5cm, 2023<\/figcaption><\/figure>\n<\/div>\n\n\n<div style=\"height:118px\" aria-hidden=\"true\" class=\"wp-block-spacer\"><\/div>\n\n\n\n<figure class=\"wp-block-image size-full\"><img loading=\"lazy\" decoding=\"async\" width=\"840\" height=\"840\" src=\"https:\/\/raulavellaneda.de\/wp-content\/uploads\/web-IMG_0785.jpg\" alt=\"\" class=\"wp-image-1910\" srcset=\"https:\/\/raulavellaneda.de\/wp-content\/uploads\/web-IMG_0785.jpg 840w, https:\/\/raulavellaneda.de\/wp-content\/uploads\/web-IMG_0785-300x300.jpg 300w, https:\/\/raulavellaneda.de\/wp-content\/uploads\/web-IMG_0785-150x150.jpg 150w, https:\/\/raulavellaneda.de\/wp-content\/uploads\/web-IMG_0785-768x768.jpg 768w\" sizes=\"auto, (max-width: 709px) 85vw, (max-width: 909px) 67vw, (max-width: 1362px) 62vw, 840px\" \/><figcaption class=\"wp-element-caption\"> &#8222;Peru \u00fcber alles &#8220; II aus der Serie &#8222;Wie viele Tote mehr wollt ihr noch haben?&#8220;, Assemblage, 52 x 52 x 4,5 cm, 2023<\/figcaption><\/figure>\n\n\n\n<div style=\"height:120px\" aria-hidden=\"true\" class=\"wp-block-spacer\"><\/div>\n\n\n\n<p class=\"has-medium-font-size\">&#8222;<strong>Donald<\/strong>&#8222;, aus der Serie<\/p>\n\n\n\n<p class=\"has-medium-font-size\">&#8222;Ich bin Amerika&#8220;<\/p>\n\n\n\n<div style=\"height:20px\" aria-hidden=\"true\" class=\"wp-block-spacer\"><\/div>\n\n\n<div class=\"wp-block-image\">\n<figure class=\"aligncenter size-full\"><img loading=\"lazy\" decoding=\"async\" width=\"480\" height=\"520\" src=\"https:\/\/raulavellaneda.de\/wp-content\/uploads\/web-IMG_8003.jpg\" alt=\"\" class=\"wp-image-3189\" srcset=\"https:\/\/raulavellaneda.de\/wp-content\/uploads\/web-IMG_8003.jpg 480w, https:\/\/raulavellaneda.de\/wp-content\/uploads\/web-IMG_8003-277x300.jpg 277w\" sizes=\"auto, (max-width: 480px) 85vw, 480px\" \/><figcaption class=\"wp-element-caption\">&#8222;Donald &#8220; I aus der Serie &#8222;Ich bin Amerika&#8220;, Mischtechnik auf Papier,    44,5 x 49 cm,  2019<\/figcaption><\/figure>\n<\/div>\n\n\n<div style=\"height:120px\" aria-hidden=\"true\" class=\"wp-block-spacer\"><\/div>\n\n\n<div class=\"wp-block-image\">\n<figure class=\"aligncenter size-full\"><img loading=\"lazy\" decoding=\"async\" width=\"480\" height=\"528\" src=\"https:\/\/raulavellaneda.de\/wp-content\/uploads\/web-IMG_8069.jpg\" alt=\"\" class=\"wp-image-3190\" srcset=\"https:\/\/raulavellaneda.de\/wp-content\/uploads\/web-IMG_8069.jpg 480w, https:\/\/raulavellaneda.de\/wp-content\/uploads\/web-IMG_8069-273x300.jpg 273w\" sizes=\"auto, (max-width: 480px) 85vw, 480px\" \/><figcaption class=\"wp-element-caption\">&#8222;Donald &#8220; II aus der Serie &#8222;Ich bin Amerika&#8220;, Mischtechnik auf Papier, 44,5 x 49 cm, 2021<\/figcaption><\/figure>\n<\/div>\n\n\n<div style=\"height:120px\" aria-hidden=\"true\" class=\"wp-block-spacer\"><\/div>\n\n\n<div class=\"wp-block-image\">\n<figure class=\"aligncenter size-full\"><img loading=\"lazy\" decoding=\"async\" width=\"480\" height=\"534\" src=\"https:\/\/raulavellaneda.de\/wp-content\/uploads\/web-IMG_8002-2.jpg\" alt=\"\" class=\"wp-image-3191\" srcset=\"https:\/\/raulavellaneda.de\/wp-content\/uploads\/web-IMG_8002-2.jpg 480w, https:\/\/raulavellaneda.de\/wp-content\/uploads\/web-IMG_8002-2-270x300.jpg 270w\" sizes=\"auto, (max-width: 480px) 85vw, 480px\" \/><figcaption class=\"wp-element-caption\">&#8222;Donald &#8220;  III aus der Serie &#8222;Ich bin Amerika&#8220;, Mischtechnik auf Papier, 44,5 x 49 cm, 2021<\/figcaption><\/figure>\n<\/div>\n\n\n<div style=\"height:120px\" aria-hidden=\"true\" class=\"wp-block-spacer\"><\/div>\n\n\n<div class=\"wp-block-image\">\n<figure class=\"aligncenter size-full\"><img loading=\"lazy\" decoding=\"async\" width=\"480\" height=\"532\" src=\"https:\/\/raulavellaneda.de\/wp-content\/uploads\/web-IMG_7999-1.jpg\" alt=\"\" class=\"wp-image-3192\" srcset=\"https:\/\/raulavellaneda.de\/wp-content\/uploads\/web-IMG_7999-1.jpg 480w, https:\/\/raulavellaneda.de\/wp-content\/uploads\/web-IMG_7999-1-271x300.jpg 271w\" sizes=\"auto, (max-width: 480px) 85vw, 480px\" \/><figcaption class=\"wp-element-caption\">&#8222;Donald &#8220; IV aus der Serie &#8222;Ich bin Amerika&#8220;, Mischtechnik auf Papier, 44,5 x 49 cm, 2021<\/figcaption><\/figure>\n<\/div>\n\n\n<div style=\"height:10px\" aria-hidden=\"true\" class=\"wp-block-spacer\"><\/div>\n\n\n\n<p class=\"has-text-align-center has-medium-font-size\"><a href=\"https:\/\/raulavellaneda.de\/?page_id=1337\">Werke<\/a><\/p>\n","protected":false},"excerpt":{"rendered":"<p>&#8222;Dina&#8220;, aus der Serie &#8222;Wie viele Tote wollt ihr noch haben?&#8220; Dina Boluarte wurde in Peru zur Ministerin f\u00fcr Entwicklung und soziale Inklusion, im Kabinett der links gerichteten Regierung von Pedro Castillo, im Jahr 2021, eingesetzt. Nach einem gescheiterten Putschversuch Castillos, wurde sie, mit Unterst\u00fctzung der rechten reaktion\u00e4ren Kr\u00e4fte des Landes, zur neuen Pr\u00e4sidentin ernannt. &hellip; <a href=\"https:\/\/raulavellaneda.de\/?page_id=1606\" class=\"more-link\"><span class=\"screen-reader-text\">\u201e&#8222;Dina &#038; Donald&#8220;\u201c<\/span> weiterlesen<\/a><\/p>\n","protected":false},"author":1,"featured_media":0,"parent":0,"menu_order":0,"comment_status":"closed","ping_status":"closed","template":"","meta":{"footnotes":""},"class_list":["post-1606","page","type-page","status-publish","hentry"],"_links":{"self":[{"href":"https:\/\/raulavellaneda.de\/index.php?rest_route=\/wp\/v2\/pages\/1606","targetHints":{"allow":["GET"]}}],"collection":[{"href":"https:\/\/raulavellaneda.de\/index.php?rest_route=\/wp\/v2\/pages"}],"about":[{"href":"https:\/\/raulavellaneda.de\/index.php?rest_route=\/wp\/v2\/types\/page"}],"author":[{"embeddable":true,"href":"https:\/\/raulavellaneda.de\/index.php?rest_route=\/wp\/v2\/users\/1"}],"replies":[{"embeddable":true,"href":"https:\/\/raulavellaneda.de\/index.php?rest_route=%2Fwp%2Fv2%2Fcomments&post=1606"}],"version-history":[{"count":43,"href":"https:\/\/raulavellaneda.de\/index.php?rest_route=\/wp\/v2\/pages\/1606\/revisions"}],"predecessor-version":[{"id":5131,"href":"https:\/\/raulavellaneda.de\/index.php?rest_route=\/wp\/v2\/pages\/1606\/revisions\/5131"}],"wp:attachment":[{"href":"https:\/\/raulavellaneda.de\/index.php?rest_route=%2Fwp%2Fv2%2Fmedia&parent=1606"}],"curies":[{"name":"wp","href":"https:\/\/api.w.org\/{rel}","templated":true}]}}

<div style="height:20px" aria-hidden="true" class="wp-block-spacer"></div>



<p class="has-medium-font-size"><strong>&#8222;Dina&#8220;</strong>, aus der Serie </p>



<p class="has-medium-font-size">&#8222;Wie viele Tote wollt ihr noch haben?&#8220;</p>



<div style="height:20px" aria-hidden="true" class="wp-block-spacer"></div>



<p class="has-medium-font-size">Dina Boluarte wurde in Peru zur Ministerin für Entwicklung und soziale Inklusion, im Kabinett der links gerichteten Regierung von Pedro Castillo, im Jahr 2021, eingesetzt.</p>



<p class="has-medium-font-size">Nach einem gescheiterten Putschversuch Castillos, wurde sie, mit Unterstützung der rechten reaktionären Kräfte des Landes, zur neuen Präsidentin ernannt. Somit ist sie die erste Frau, der Nation, in dieser Position.</p>



<p class="has-medium-font-size">Seit Beginn der Amtsübernahme kam es verstärkt zu Protesten in Peru. Als Folge der Unterdrückung wurden bis jetzt 66 Menschen von den peruanischen Streitkräften und der nationalen Polizei umgebracht.</p>



<p class="has-medium-font-size">In einem öffentlichen Auftritt, in der Hauptstadt, im Juni 2023 sagte sie: „Um Gotteswillen, wie viele Tote wollt ihr noch haben?“</p>



<p class="has-medium-font-size">Frau Boluarte ist bewusst, dass wenn sie ihre Zusammenarbeit mit den rechten Kräften beenden würde, sie ihre Machtposition abgeben müsste und wegen der Verbrechen im Gefängnis enden würde.</p>



<div style="height:100px" aria-hidden="true" class="wp-block-spacer"></div>


<div class="wp-block-image">
<figure class="aligncenter size-full is-resized"><img loading="lazy" decoding="async" width="2560" height="1224" src="https://raulavellaneda.de/wp-content/uploads/IMG_0598-scaled.jpg" alt="" class="wp-image-3543" style="width:918px;height:auto" srcset="https://raulavellaneda.de/wp-content/uploads/IMG_0598-scaled.jpg 2560w, https://raulavellaneda.de/wp-content/uploads/IMG_0598-300x143.jpg 300w, https://raulavellaneda.de/wp-content/uploads/IMG_0598-1024x490.jpg 1024w, https://raulavellaneda.de/wp-content/uploads/IMG_0598-768x367.jpg 768w, https://raulavellaneda.de/wp-content/uploads/IMG_0598-1536x735.jpg 1536w, https://raulavellaneda.de/wp-content/uploads/IMG_0598-2048x979.jpg 2048w, https://raulavellaneda.de/wp-content/uploads/IMG_0598-1200x574.jpg 1200w" sizes="auto, (max-width: 709px) 85vw, (max-width: 909px) 67vw, (max-width: 1362px) 62vw, 840px" /><figcaption class="wp-element-caption"> &#8222;Um Gotteswillen, wie viele Tote wollt ihr noch haben?&#8220; aus der Serie &#8222;Wie viele Tote wollt ihr noch haben?&#8220;, Mischtechnik, 125 x 60cm, 2023</figcaption></figure>
</div>


<div style="height:120px" aria-hidden="true" class="wp-block-spacer"></div>


<div class="wp-block-image">
<figure class="aligncenter size-full"><img loading="lazy" decoding="async" width="480" height="612" src="https://raulavellaneda.de/wp-content/uploads/web-IMG_0600-1.jpg" alt="" class="wp-image-4359" srcset="https://raulavellaneda.de/wp-content/uploads/web-IMG_0600-1.jpg 480w, https://raulavellaneda.de/wp-content/uploads/web-IMG_0600-1-235x300.jpg 235w" sizes="auto, (max-width: 480px) 85vw, 480px" /><figcaption class="wp-element-caption"> &#8222;Wie viele mehr?&#8220; aus der Serie &#8222;Wie viele Tote wollt ihr noch haben?&#8220;, Assemblage, 35,5 x 45,5 x  5 cm, 2023</figcaption></figure>
</div>


<div style="height:120px" aria-hidden="true" class="wp-block-spacer"></div>


<div class="wp-block-image">
<figure class="aligncenter size-full"><img loading="lazy" decoding="async" width="480" height="756" src="https://raulavellaneda.de/wp-content/uploads/web-IMG_0601.jpg" alt="" class="wp-image-1614" srcset="https://raulavellaneda.de/wp-content/uploads/web-IMG_0601.jpg 480w, https://raulavellaneda.de/wp-content/uploads/web-IMG_0601-190x300.jpg 190w" sizes="auto, (max-width: 480px) 85vw, 480px" /><figcaption class="wp-element-caption"> &#8222;Wie viele Tote mehr?&#8220; aus der Serie &#8222;Wie viele Tote wollt ihr noch haben?&#8220;, Assemblage, 35,5 x 45,5 x 8 cm, 2023</figcaption></figure>
</div>


<div style="height:120px" aria-hidden="true" class="wp-block-spacer"></div>


<div class="wp-block-image">
<figure class="aligncenter size-full is-resized"><img loading="lazy" decoding="async" width="840" height="836" src="https://raulavellaneda.de/wp-content/uploads/web-IMG_0787.jpg" alt="" class="wp-image-1908" style="width:630px;height:auto" srcset="https://raulavellaneda.de/wp-content/uploads/web-IMG_0787.jpg 840w, https://raulavellaneda.de/wp-content/uploads/web-IMG_0787-300x300.jpg 300w, https://raulavellaneda.de/wp-content/uploads/web-IMG_0787-150x150.jpg 150w, https://raulavellaneda.de/wp-content/uploads/web-IMG_0787-768x764.jpg 768w" sizes="auto, (max-width: 709px) 85vw, (max-width: 909px) 67vw, (max-width: 1362px) 62vw, 840px" /><figcaption class="wp-element-caption"> &#8222;Peru über alles &#8220; I aus der Serie &#8222;Wie viele Tote wollt ihr noch haben?&#8220;, Assemblage, 52 x 52 x 4,5cm, 2023</figcaption></figure>
</div>


<div style="height:118px" aria-hidden="true" class="wp-block-spacer"></div>



<figure class="wp-block-image size-full"><img loading="lazy" decoding="async" width="840" height="840" src="https://raulavellaneda.de/wp-content/uploads/web-IMG_0785.jpg" alt="" class="wp-image-1910" srcset="https://raulavellaneda.de/wp-content/uploads/web-IMG_0785.jpg 840w, https://raulavellaneda.de/wp-content/uploads/web-IMG_0785-300x300.jpg 300w, https://raulavellaneda.de/wp-content/uploads/web-IMG_0785-150x150.jpg 150w, https://raulavellaneda.de/wp-content/uploads/web-IMG_0785-768x768.jpg 768w" sizes="auto, (max-width: 709px) 85vw, (max-width: 909px) 67vw, (max-width: 1362px) 62vw, 840px" /><figcaption class="wp-element-caption"> &#8222;Peru über alles &#8220; II aus der Serie &#8222;Wie viele Tote mehr wollt ihr noch haben?&#8220;, Assemblage, 52 x 52 x 4,5 cm, 2023</figcaption></figure>



<div style="height:120px" aria-hidden="true" class="wp-block-spacer"></div>



<p class="has-medium-font-size">&#8222;<strong>Donald</strong>&#8222;, aus der Serie</p>



<p class="has-medium-font-size">&#8222;Ich bin Amerika&#8220;</p>



<div style="height:20px" aria-hidden="true" class="wp-block-spacer"></div>


<div class="wp-block-image">
<figure class="aligncenter size-full"><img loading="lazy" decoding="async" width="480" height="520" src="https://raulavellaneda.de/wp-content/uploads/web-IMG_8003.jpg" alt="" class="wp-image-3189" srcset="https://raulavellaneda.de/wp-content/uploads/web-IMG_8003.jpg 480w, https://raulavellaneda.de/wp-content/uploads/web-IMG_8003-277x300.jpg 277w" sizes="auto, (max-width: 480px) 85vw, 480px" /><figcaption class="wp-element-caption">&#8222;Donald &#8220; I aus der Serie &#8222;Ich bin Amerika&#8220;, Mischtechnik auf Papier,    44,5 x 49 cm,  2019</figcaption></figure>
</div>


<div style="height:120px" aria-hidden="true" class="wp-block-spacer"></div>


<div class="wp-block-image">
<figure class="aligncenter size-full"><img loading="lazy" decoding="async" width="480" height="528" src="https://raulavellaneda.de/wp-content/uploads/web-IMG_8069.jpg" alt="" class="wp-image-3190" srcset="https://raulavellaneda.de/wp-content/uploads/web-IMG_8069.jpg 480w, https://raulavellaneda.de/wp-content/uploads/web-IMG_8069-273x300.jpg 273w" sizes="auto, (max-width: 480px) 85vw, 480px" /><figcaption class="wp-element-caption">&#8222;Donald &#8220; II aus der Serie &#8222;Ich bin Amerika&#8220;, Mischtechnik auf Papier, 44,5 x 49 cm, 2021</figcaption></figure>
</div>


<div style="height:120px" aria-hidden="true" class="wp-block-spacer"></div>


<div class="wp-block-image">
<figure class="aligncenter size-full"><img loading="lazy" decoding="async" width="480" height="534" src="https://raulavellaneda.de/wp-content/uploads/web-IMG_8002-2.jpg" alt="" class="wp-image-3191" srcset="https://raulavellaneda.de/wp-content/uploads/web-IMG_8002-2.jpg 480w, https://raulavellaneda.de/wp-content/uploads/web-IMG_8002-2-270x300.jpg 270w" sizes="auto, (max-width: 480px) 85vw, 480px" /><figcaption class="wp-element-caption">&#8222;Donald &#8220;  III aus der Serie &#8222;Ich bin Amerika&#8220;, Mischtechnik auf Papier, 44,5 x 49 cm, 2021</figcaption></figure>
</div>


<div style="height:120px" aria-hidden="true" class="wp-block-spacer"></div>


<div class="wp-block-image">
<figure class="aligncenter size-full"><img loading="lazy" decoding="async" width="480" height="532" src="https://raulavellaneda.de/wp-content/uploads/web-IMG_7999-1.jpg" alt="" class="wp-image-3192" srcset="https://raulavellaneda.de/wp-content/uploads/web-IMG_7999-1.jpg 480w, https://raulavellaneda.de/wp-content/uploads/web-IMG_7999-1-271x300.jpg 271w" sizes="auto, (max-width: 480px) 85vw, 480px" /><figcaption class="wp-element-caption">&#8222;Donald &#8220; IV aus der Serie &#8222;Ich bin Amerika&#8220;, Mischtechnik auf Papier, 44,5 x 49 cm, 2021</figcaption></figure>
</div>


<div style="height:10px" aria-hidden="true" class="wp-block-spacer"></div>



<p class="has-text-align-center has-medium-font-size"><a href="https://raulavellaneda.de/?page_id=1337">Werke</a></p>

<p>&#8222;Dina&#8220;, aus der Serie &#8222;Wie viele Tote wollt ihr noch haben?&#8220; Dina Boluarte wurde in Peru zur Ministerin für Entwicklung und soziale Inklusion, im Kabinett der links gerichteten Regierung von Pedro Castillo, im Jahr 2021, eingesetzt. Nach einem gescheiterten Putschversuch Castillos, wurde sie, mit Unterstützung der rechten reaktionären Kräfte des Landes, zur neuen Präsidentin ernannt. &hellip; <a href="https://raulavellaneda.de/?page_id=1606" class="more-link"><span class="screen-reader-text">„&#8222;Dina &#038; Donald&#8220;“</span> weiterlesen</a></p>
