{"id":1587,"date":"2023-11-20T20:59:32","date_gmt":"2023-11-20T19:59:32","guid":{"rendered":"https:\/\/raulavellaneda.de\/?page_id=1587"},"modified":"2024-03-01T16:51:54","modified_gmt":"2024-03-01T15:51:54","slug":"die-befreiung","status":"publish","type":"page","link":"https:\/\/raulavellaneda.de\/?page_id=1587","title":{"rendered":"&#8222;Die Befreiung&#8220;"},"content":{"rendered":"\n<div style=\"height:20px\" aria-hidden=\"true\" class=\"wp-block-spacer\"><\/div>\n\n\n\n<p class=\"has-medium-font-size\">Avellaneda stellte sein gesamtes Wissen und K\u00f6nnen in Frage und begann mit seiner k\u00fcnstlerischen Arbeit auf die aktuelle politische und gesellschaftliche Realit\u00e4t Perus, basierend auf den eigenen biographischen Erfahrungen, hinzuweisen. Er und mehrere Studierenden, motiviert durch den befreienden Einfluss Psottas, stellten das gesamte System der Akademie in Frage und setzten sich durch k\u00fcnstlerischen Ausdruck mit der dramatischen politischen Situation ihres Landes auseinander.<\/p>\n\n\n\n<div style=\"height:20px\" aria-hidden=\"true\" class=\"wp-block-spacer\"><\/div>\n\n\n\n<div class=\"wp-block-columns is-layout-flex wp-container-core-columns-is-layout-9d6595d7 wp-block-columns-is-layout-flex\">\n<div class=\"wp-block-column is-layout-flow wp-block-column-is-layout-flow\" style=\"flex-basis:50%\"><div class=\"wp-block-image\">\n<figure class=\"aligncenter size-full is-resized\"><img loading=\"lazy\" decoding=\"async\" width=\"480\" height=\"988\" src=\"https:\/\/raulavellaneda.de\/wp-content\/uploads\/web-12-5-2022_034-1.jpg\" alt=\"\" class=\"wp-image-3935\" style=\"width:292px;height:auto\" srcset=\"https:\/\/raulavellaneda.de\/wp-content\/uploads\/web-12-5-2022_034-1.jpg 480w, https:\/\/raulavellaneda.de\/wp-content\/uploads\/web-12-5-2022_034-1-146x300.jpg 146w\" sizes=\"auto, (max-width: 480px) 85vw, 480px\" \/><figcaption class=\"wp-element-caption\">&#8222;Folter in Per\u00fa&#8220;, Abschlussarbeit vor dem Verlassen der Universit\u00e4t, <br>Assemblage, kinetisches Objekt mit akustische Signale, aprox. 100 x 180 x 100 cm. 1982<\/figcaption><\/figure>\n<\/div><\/div>\n\n\n\n<div class=\"wp-block-column is-layout-flow wp-block-column-is-layout-flow\" style=\"flex-basis:50%\"><div class=\"wp-block-image\">\n<figure class=\"aligncenter size-full is-resized\"><img loading=\"lazy\" decoding=\"async\" width=\"480\" height=\"713\" src=\"https:\/\/raulavellaneda.de\/wp-content\/uploads\/web-gut12-5-2022_040-1.jpg\" alt=\"\" class=\"wp-image-3939\" style=\"width:480px\" srcset=\"https:\/\/raulavellaneda.de\/wp-content\/uploads\/web-gut12-5-2022_040-1.jpg 480w, https:\/\/raulavellaneda.de\/wp-content\/uploads\/web-gut12-5-2022_040-1-202x300.jpg 202w\" sizes=\"auto, (max-width: 480px) 85vw, 480px\" \/><figcaption class=\"wp-element-caption\">Ansicht in Arbeiten aus der Zeit, 1982<\/figcaption><\/figure>\n<\/div><\/div>\n<\/div>\n\n\n\n<h6 class=\"wp-block-heading has-medium-gray-color has-text-color has-link-color wp-elements-552c3603000bebc79b68dd6358d5c262\"><em>Bilder aus meiner erste Wohnung in Pueblo Libre, 1982<\/em><\/h6>\n\n\n\n<div style=\"height:60px\" aria-hidden=\"true\" class=\"wp-block-spacer\"><\/div>\n\n\n<div class=\"wp-block-image\">\n<figure class=\"aligncenter size-full\"><img loading=\"lazy\" decoding=\"async\" width=\"480\" height=\"794\" src=\"https:\/\/raulavellaneda.de\/wp-content\/uploads\/web-IMG_0750-1.jpg\" alt=\"\" class=\"wp-image-2880\" srcset=\"https:\/\/raulavellaneda.de\/wp-content\/uploads\/web-IMG_0750-1.jpg 480w, https:\/\/raulavellaneda.de\/wp-content\/uploads\/web-IMG_0750-1-181x300.jpg 181w\" sizes=\"auto, (max-width: 480px) 85vw, 480px\" \/><figcaption class=\"wp-element-caption\">&#8222;Rosa de Lima&#8220;, \u00d6l auf Karton, 62 x 104 cm, 1982<\/figcaption><\/figure>\n<\/div>\n\n\n<div style=\"height:120px\" aria-hidden=\"true\" class=\"wp-block-spacer\"><\/div>\n\n\n<div class=\"wp-block-image\">\n<figure class=\"aligncenter size-full is-resized\"><img loading=\"lazy\" decoding=\"async\" width=\"840\" height=\"656\" src=\"https:\/\/raulavellaneda.de\/wp-content\/uploads\/web-IMG_0748-2.jpg\" alt=\"\" class=\"wp-image-2874\" style=\"width:794px;height:auto\" srcset=\"https:\/\/raulavellaneda.de\/wp-content\/uploads\/web-IMG_0748-2.jpg 840w, https:\/\/raulavellaneda.de\/wp-content\/uploads\/web-IMG_0748-2-300x234.jpg 300w, https:\/\/raulavellaneda.de\/wp-content\/uploads\/web-IMG_0748-2-768x600.jpg 768w\" sizes=\"auto, (max-width: 709px) 85vw, (max-width: 909px) 67vw, (max-width: 1362px) 62vw, 840px\" \/><figcaption class=\"wp-element-caption\">&#8222;Mein Traum&#8220;, 1982, \u00d6l auf Karton, 124 x 104 cm<\/figcaption><\/figure>\n<\/div>\n\n\n<div style=\"height:120px\" aria-hidden=\"true\" class=\"wp-block-spacer\"><\/div>\n\n\n<div class=\"wp-block-image\">\n<figure class=\"aligncenter size-full\"><img loading=\"lazy\" decoding=\"async\" width=\"480\" height=\"627\" src=\"https:\/\/raulavellaneda.de\/wp-content\/uploads\/web-IMG_0747-1.jpg\" alt=\"\" class=\"wp-image-2876\" srcset=\"https:\/\/raulavellaneda.de\/wp-content\/uploads\/web-IMG_0747-1.jpg 480w, https:\/\/raulavellaneda.de\/wp-content\/uploads\/web-IMG_0747-1-230x300.jpg 230w\" sizes=\"auto, (max-width: 480px) 85vw, 480px\" \/><figcaption class=\"wp-element-caption\">&#8222;San Sebastian&#8220;, 1982, \u00d6l auf Karton, 104 x 124 cm<\/figcaption><\/figure>\n<\/div>\n\n\n<div style=\"height:120px\" aria-hidden=\"true\" class=\"wp-block-spacer\"><\/div>\n\n\n<div class=\"wp-block-image\">\n<figure class=\"aligncenter size-full\"><img loading=\"lazy\" decoding=\"async\" width=\"480\" height=\"617\" src=\"https:\/\/raulavellaneda.de\/wp-content\/uploads\/web-IMG_0740-1.jpg\" alt=\"\" class=\"wp-image-2877\" srcset=\"https:\/\/raulavellaneda.de\/wp-content\/uploads\/web-IMG_0740-1.jpg 480w, https:\/\/raulavellaneda.de\/wp-content\/uploads\/web-IMG_0740-1-233x300.jpg 233w\" sizes=\"auto, (max-width: 480px) 85vw, 480px\" \/><figcaption class=\"wp-element-caption\">&#8222;Vermieterin&#8220;, 1982, \u00d6l auf Karton, 104 x 124 cm<\/figcaption><\/figure>\n<\/div>\n\n\n<div style=\"height:120px\" aria-hidden=\"true\" class=\"wp-block-spacer\"><\/div>\n\n\n<div class=\"wp-block-image\">\n<figure class=\"aligncenter size-full\"><img loading=\"lazy\" decoding=\"async\" width=\"480\" height=\"624\" src=\"https:\/\/raulavellaneda.de\/wp-content\/uploads\/web-IMG_0742-1.jpg\" alt=\"\" class=\"wp-image-2878\" srcset=\"https:\/\/raulavellaneda.de\/wp-content\/uploads\/web-IMG_0742-1.jpg 480w, https:\/\/raulavellaneda.de\/wp-content\/uploads\/web-IMG_0742-1-231x300.jpg 231w\" sizes=\"auto, (max-width: 480px) 85vw, 480px\" \/><figcaption class=\"wp-element-caption\">&#8222;Wie die Kaninchen&#8220;, 1982, \u00d6l auf Karton, 104 x 124 cm<\/figcaption><\/figure>\n<\/div>\n\n\n<div style=\"height:120px\" aria-hidden=\"true\" class=\"wp-block-spacer\"><\/div>\n\n\n<div class=\"wp-block-image\">\n<figure class=\"aligncenter size-full\"><img loading=\"lazy\" decoding=\"async\" width=\"480\" height=\"617\" src=\"https:\/\/raulavellaneda.de\/wp-content\/uploads\/web-IMG_0738-1.jpg\" alt=\"\" class=\"wp-image-2881\" srcset=\"https:\/\/raulavellaneda.de\/wp-content\/uploads\/web-IMG_0738-1.jpg 480w, https:\/\/raulavellaneda.de\/wp-content\/uploads\/web-IMG_0738-1-233x300.jpg 233w\" sizes=\"auto, (max-width: 480px) 85vw, 480px\" \/><figcaption class=\"wp-element-caption\">&#8222;Operette&#8220;, 1982, \u00d6l auf Karton, 104 x 124 cm<\/figcaption><\/figure>\n<\/div>\n\n\n<div style=\"height:120px\" aria-hidden=\"true\" class=\"wp-block-spacer\"><\/div>\n\n\n<div class=\"wp-block-image\">\n<figure class=\"aligncenter size-full\"><img loading=\"lazy\" decoding=\"async\" width=\"480\" height=\"612\" src=\"https:\/\/raulavellaneda.de\/wp-content\/uploads\/web-IMG_0745-1.jpg\" alt=\"\" class=\"wp-image-2879\" srcset=\"https:\/\/raulavellaneda.de\/wp-content\/uploads\/web-IMG_0745-1.jpg 480w, https:\/\/raulavellaneda.de\/wp-content\/uploads\/web-IMG_0745-1-235x300.jpg 235w\" sizes=\"auto, (max-width: 480px) 85vw, 480px\" \/><figcaption class=\"wp-element-caption\">&#8222;Adam und Eva&#8220;, 1982, \u00d6l auf Karton, 104 x 124 cm<\/figcaption><\/figure>\n<\/div>\n\n\n<div style=\"height:10px\" aria-hidden=\"true\" class=\"wp-block-spacer\"><\/div>\n\n\n\n<p class=\"has-text-align-center has-medium-font-size\"><a href=\"https:\/\/raulavellaneda.de\/?page_id=1337\">Werke<\/a><\/p>\n","protected":false},"excerpt":{"rendered":"<p>Avellaneda stellte sein gesamtes Wissen und K\u00f6nnen in Frage und begann mit seiner k\u00fcnstlerischen Arbeit auf die aktuelle politische und gesellschaftliche Realit\u00e4t Perus, basierend auf den eigenen biographischen Erfahrungen, hinzuweisen. Er und mehrere Studierenden, motiviert durch den befreienden Einfluss Psottas, stellten das gesamte System der Akademie in Frage und setzten sich durch k\u00fcnstlerischen Ausdruck mit &hellip; <a href=\"https:\/\/raulavellaneda.de\/?page_id=1587\" class=\"more-link\"><span class=\"screen-reader-text\">\u201e&#8222;Die Befreiung&#8220;\u201c<\/span> weiterlesen<\/a><\/p>\n","protected":false},"author":1,"featured_media":0,"parent":0,"menu_order":0,"comment_status":"closed","ping_status":"closed","template":"","meta":{"footnotes":""},"class_list":["post-1587","page","type-page","status-publish","hentry"],"_links":{"self":[{"href":"https:\/\/raulavellaneda.de\/index.php?rest_route=\/wp\/v2\/pages\/1587","targetHints":{"allow":["GET"]}}],"collection":[{"href":"https:\/\/raulavellaneda.de\/index.php?rest_route=\/wp\/v2\/pages"}],"about":[{"href":"https:\/\/raulavellaneda.de\/index.php?rest_route=\/wp\/v2\/types\/page"}],"author":[{"embeddable":true,"href":"https:\/\/raulavellaneda.de\/index.php?rest_route=\/wp\/v2\/users\/1"}],"replies":[{"embeddable":true,"href":"https:\/\/raulavellaneda.de\/index.php?rest_route=%2Fwp%2Fv2%2Fcomments&post=1587"}],"version-history":[{"count":36,"href":"https:\/\/raulavellaneda.de\/index.php?rest_route=\/wp\/v2\/pages\/1587\/revisions"}],"predecessor-version":[{"id":4866,"href":"https:\/\/raulavellaneda.de\/index.php?rest_route=\/wp\/v2\/pages\/1587\/revisions\/4866"}],"wp:attachment":[{"href":"https:\/\/raulavellaneda.de\/index.php?rest_route=%2Fwp%2Fv2%2Fmedia&parent=1587"}],"curies":[{"name":"wp","href":"https:\/\/api.w.org\/{rel}","templated":true}]}}

<div style="height:20px" aria-hidden="true" class="wp-block-spacer"></div>



<p class="has-medium-font-size">Avellaneda stellte sein gesamtes Wissen und Können in Frage und begann mit seiner künstlerischen Arbeit auf die aktuelle politische und gesellschaftliche Realität Perus, basierend auf den eigenen biographischen Erfahrungen, hinzuweisen. Er und mehrere Studierenden, motiviert durch den befreienden Einfluss Psottas, stellten das gesamte System der Akademie in Frage und setzten sich durch künstlerischen Ausdruck mit der dramatischen politischen Situation ihres Landes auseinander.</p>



<div style="height:20px" aria-hidden="true" class="wp-block-spacer"></div>



<div class="wp-block-columns is-layout-flex wp-container-core-columns-is-layout-9d6595d7 wp-block-columns-is-layout-flex">
<div class="wp-block-column is-layout-flow wp-block-column-is-layout-flow" style="flex-basis:50%"><div class="wp-block-image">
<figure class="aligncenter size-full is-resized"><img loading="lazy" decoding="async" width="480" height="988" src="https://raulavellaneda.de/wp-content/uploads/web-12-5-2022_034-1.jpg" alt="" class="wp-image-3935" style="width:292px;height:auto" srcset="https://raulavellaneda.de/wp-content/uploads/web-12-5-2022_034-1.jpg 480w, https://raulavellaneda.de/wp-content/uploads/web-12-5-2022_034-1-146x300.jpg 146w" sizes="auto, (max-width: 480px) 85vw, 480px" /><figcaption class="wp-element-caption">&#8222;Folter in Perú&#8220;, Abschlussarbeit vor dem Verlassen der Universität, <br>Assemblage, kinetisches Objekt mit akustische Signale, aprox. 100 x 180 x 100 cm. 1982</figcaption></figure>
</div></div>



<div class="wp-block-column is-layout-flow wp-block-column-is-layout-flow" style="flex-basis:50%"><div class="wp-block-image">
<figure class="aligncenter size-full is-resized"><img loading="lazy" decoding="async" width="480" height="713" src="https://raulavellaneda.de/wp-content/uploads/web-gut12-5-2022_040-1.jpg" alt="" class="wp-image-3939" style="width:480px" srcset="https://raulavellaneda.de/wp-content/uploads/web-gut12-5-2022_040-1.jpg 480w, https://raulavellaneda.de/wp-content/uploads/web-gut12-5-2022_040-1-202x300.jpg 202w" sizes="auto, (max-width: 480px) 85vw, 480px" /><figcaption class="wp-element-caption">Ansicht in Arbeiten aus der Zeit, 1982</figcaption></figure>
</div></div>
</div>



<h6 class="wp-block-heading has-medium-gray-color has-text-color has-link-color wp-elements-552c3603000bebc79b68dd6358d5c262"><em>Bilder aus meiner erste Wohnung in Pueblo Libre, 1982</em></h6>



<div style="height:60px" aria-hidden="true" class="wp-block-spacer"></div>


<div class="wp-block-image">
<figure class="aligncenter size-full"><img loading="lazy" decoding="async" width="480" height="794" src="https://raulavellaneda.de/wp-content/uploads/web-IMG_0750-1.jpg" alt="" class="wp-image-2880" srcset="https://raulavellaneda.de/wp-content/uploads/web-IMG_0750-1.jpg 480w, https://raulavellaneda.de/wp-content/uploads/web-IMG_0750-1-181x300.jpg 181w" sizes="auto, (max-width: 480px) 85vw, 480px" /><figcaption class="wp-element-caption">&#8222;Rosa de Lima&#8220;, Öl auf Karton, 62 x 104 cm, 1982</figcaption></figure>
</div>


<div style="height:120px" aria-hidden="true" class="wp-block-spacer"></div>


<div class="wp-block-image">
<figure class="aligncenter size-full is-resized"><img loading="lazy" decoding="async" width="840" height="656" src="https://raulavellaneda.de/wp-content/uploads/web-IMG_0748-2.jpg" alt="" class="wp-image-2874" style="width:794px;height:auto" srcset="https://raulavellaneda.de/wp-content/uploads/web-IMG_0748-2.jpg 840w, https://raulavellaneda.de/wp-content/uploads/web-IMG_0748-2-300x234.jpg 300w, https://raulavellaneda.de/wp-content/uploads/web-IMG_0748-2-768x600.jpg 768w" sizes="auto, (max-width: 709px) 85vw, (max-width: 909px) 67vw, (max-width: 1362px) 62vw, 840px" /><figcaption class="wp-element-caption">&#8222;Mein Traum&#8220;, 1982, Öl auf Karton, 124 x 104 cm</figcaption></figure>
</div>


<div style="height:120px" aria-hidden="true" class="wp-block-spacer"></div>


<div class="wp-block-image">
<figure class="aligncenter size-full"><img loading="lazy" decoding="async" width="480" height="627" src="https://raulavellaneda.de/wp-content/uploads/web-IMG_0747-1.jpg" alt="" class="wp-image-2876" srcset="https://raulavellaneda.de/wp-content/uploads/web-IMG_0747-1.jpg 480w, https://raulavellaneda.de/wp-content/uploads/web-IMG_0747-1-230x300.jpg 230w" sizes="auto, (max-width: 480px) 85vw, 480px" /><figcaption class="wp-element-caption">&#8222;San Sebastian&#8220;, 1982, Öl auf Karton, 104 x 124 cm</figcaption></figure>
</div>


<div style="height:120px" aria-hidden="true" class="wp-block-spacer"></div>


<div class="wp-block-image">
<figure class="aligncenter size-full"><img loading="lazy" decoding="async" width="480" height="617" src="https://raulavellaneda.de/wp-content/uploads/web-IMG_0740-1.jpg" alt="" class="wp-image-2877" srcset="https://raulavellaneda.de/wp-content/uploads/web-IMG_0740-1.jpg 480w, https://raulavellaneda.de/wp-content/uploads/web-IMG_0740-1-233x300.jpg 233w" sizes="auto, (max-width: 480px) 85vw, 480px" /><figcaption class="wp-element-caption">&#8222;Vermieterin&#8220;, 1982, Öl auf Karton, 104 x 124 cm</figcaption></figure>
</div>


<div style="height:120px" aria-hidden="true" class="wp-block-spacer"></div>


<div class="wp-block-image">
<figure class="aligncenter size-full"><img loading="lazy" decoding="async" width="480" height="624" src="https://raulavellaneda.de/wp-content/uploads/web-IMG_0742-1.jpg" alt="" class="wp-image-2878" srcset="https://raulavellaneda.de/wp-content/uploads/web-IMG_0742-1.jpg 480w, https://raulavellaneda.de/wp-content/uploads/web-IMG_0742-1-231x300.jpg 231w" sizes="auto, (max-width: 480px) 85vw, 480px" /><figcaption class="wp-element-caption">&#8222;Wie die Kaninchen&#8220;, 1982, Öl auf Karton, 104 x 124 cm</figcaption></figure>
</div>


<div style="height:120px" aria-hidden="true" class="wp-block-spacer"></div>


<div class="wp-block-image">
<figure class="aligncenter size-full"><img loading="lazy" decoding="async" width="480" height="617" src="https://raulavellaneda.de/wp-content/uploads/web-IMG_0738-1.jpg" alt="" class="wp-image-2881" srcset="https://raulavellaneda.de/wp-content/uploads/web-IMG_0738-1.jpg 480w, https://raulavellaneda.de/wp-content/uploads/web-IMG_0738-1-233x300.jpg 233w" sizes="auto, (max-width: 480px) 85vw, 480px" /><figcaption class="wp-element-caption">&#8222;Operette&#8220;, 1982, Öl auf Karton, 104 x 124 cm</figcaption></figure>
</div>


<div style="height:120px" aria-hidden="true" class="wp-block-spacer"></div>


<div class="wp-block-image">
<figure class="aligncenter size-full"><img loading="lazy" decoding="async" width="480" height="612" src="https://raulavellaneda.de/wp-content/uploads/web-IMG_0745-1.jpg" alt="" class="wp-image-2879" srcset="https://raulavellaneda.de/wp-content/uploads/web-IMG_0745-1.jpg 480w, https://raulavellaneda.de/wp-content/uploads/web-IMG_0745-1-235x300.jpg 235w" sizes="auto, (max-width: 480px) 85vw, 480px" /><figcaption class="wp-element-caption">&#8222;Adam und Eva&#8220;, 1982, Öl auf Karton, 104 x 124 cm</figcaption></figure>
</div>


<div style="height:10px" aria-hidden="true" class="wp-block-spacer"></div>



<p class="has-text-align-center has-medium-font-size"><a href="https://raulavellaneda.de/?page_id=1337">Werke</a></p>

<p>Avellaneda stellte sein gesamtes Wissen und Können in Frage und begann mit seiner künstlerischen Arbeit auf die aktuelle politische und gesellschaftliche Realität Perus, basierend auf den eigenen biographischen Erfahrungen, hinzuweisen. Er und mehrere Studierenden, motiviert durch den befreienden Einfluss Psottas, stellten das gesamte System der Akademie in Frage und setzten sich durch künstlerischen Ausdruck mit &hellip; <a href="https://raulavellaneda.de/?page_id=1587" class="more-link"><span class="screen-reader-text">„&#8222;Die Befreiung&#8220;“</span> weiterlesen</a></p>
