{"id":1549,"date":"2023-11-20T20:03:06","date_gmt":"2023-11-20T19:03:06","guid":{"rendered":"https:\/\/raulavellaneda.de\/?page_id=1549"},"modified":"2024-03-17T23:16:50","modified_gmt":"2024-03-17T22:16:50","slug":"wachtraeume","status":"publish","type":"page","link":"https:\/\/raulavellaneda.de\/?page_id=1549","title":{"rendered":"&#8222;Wachtr\u00e4ume&#8220;"},"content":{"rendered":"\n<div style=\"height:20px\" aria-hidden=\"true\" class=\"wp-block-spacer\"><\/div>\n\n\n\n<p class=\"has-medium-font-size\"><em>&#8222;In wachtraum\u00e4hnlichen Zust\u00e4nden wurde ich, von Geisterbildern, aus dem <em>fernen Europa<\/em>, geplagt. Sie alle erinnerten mich an innere emotionale Verletzungen und an die r\u00fccksichtslose Ironie des Lebens. Diese k\u00fcnstlerische Auseinandersetzung erweckte in mir die Hoffnung, neue Wege f\u00fcr mein Leben zu finden.\u201c<\/em><\/p>\n\n\n\n<div style=\"height:20px\" aria-hidden=\"true\" class=\"wp-block-spacer\"><\/div>\n\n\n\n<div class=\"wp-block-columns is-layout-flex wp-container-core-columns-is-layout-9d6595d7 wp-block-columns-is-layout-flex\">\n<div class=\"wp-block-column is-layout-flow wp-block-column-is-layout-flow\"><div class=\"wp-block-image\">\n<figure class=\"aligncenter size-full is-resized\"><img loading=\"lazy\" decoding=\"async\" width=\"480\" height=\"669\" src=\"https:\/\/raulavellaneda.de\/wp-content\/uploads\/web-IMG_8086-2.jpg\" alt=\"\" class=\"wp-image-4952\" style=\"width:350px\" srcset=\"https:\/\/raulavellaneda.de\/wp-content\/uploads\/web-IMG_8086-2.jpg 480w, https:\/\/raulavellaneda.de\/wp-content\/uploads\/web-IMG_8086-2-215x300.jpg 215w\" sizes=\"auto, (max-width: 480px) 85vw, 480px\" \/><figcaption class=\"wp-element-caption\">Aus der Serie <em>Wachtr\u00e4ume<\/em>, &#8222;Ich habe verloren&#8220;, Acryl auf Raufaser, 50 x 70 cm, 1991<\/figcaption><\/figure>\n<\/div><\/div>\n\n\n\n<div class=\"wp-block-column is-layout-flow wp-block-column-is-layout-flow\"><div class=\"wp-block-image\">\n<figure class=\"aligncenter size-full is-resized\"><img loading=\"lazy\" decoding=\"async\" width=\"480\" height=\"673\" src=\"https:\/\/raulavellaneda.de\/wp-content\/uploads\/web-IMG_8088-3.jpg\" alt=\"\" class=\"wp-image-4950\" style=\"width:350px\" srcset=\"https:\/\/raulavellaneda.de\/wp-content\/uploads\/web-IMG_8088-3.jpg 480w, https:\/\/raulavellaneda.de\/wp-content\/uploads\/web-IMG_8088-3-214x300.jpg 214w\" sizes=\"auto, (max-width: 480px) 85vw, 480px\" \/><figcaption class=\"wp-element-caption\">Aus der Serie <em>Wachtr\u00e4ume<\/em>, &#8222;Was mir durch den Kopf geht&#8220;, Acryl auf Raufaser, 50 x 70 cm, 1991<\/figcaption><\/figure>\n<\/div><\/div>\n<\/div>\n\n\n\n<div style=\"height:120px\" aria-hidden=\"true\" class=\"wp-block-spacer\"><\/div>\n\n\n<div class=\"wp-block-image\">\n<figure class=\"aligncenter size-full is-resized\"><img loading=\"lazy\" decoding=\"async\" width=\"480\" height=\"678\" src=\"https:\/\/raulavellaneda.de\/wp-content\/uploads\/web-IMG_8082-3.jpg\" alt=\"\" class=\"wp-image-4955\" style=\"object-fit:cover;width:480px;height:840px\" srcset=\"https:\/\/raulavellaneda.de\/wp-content\/uploads\/web-IMG_8082-3.jpg 480w, https:\/\/raulavellaneda.de\/wp-content\/uploads\/web-IMG_8082-3-212x300.jpg 212w\" sizes=\"auto, (max-width: 480px) 85vw, 480px\" \/><figcaption class=\"wp-element-caption\">Aus der Serie <em>Wachtr\u00e4ume<\/em>, &#8222;Ich gehe in den Himmel&#8220;, Acryl auf Raufaser, 50 x 70 cm, 1991<\/figcaption><\/figure>\n<\/div>\n\n\n<div style=\"height:120px\" aria-hidden=\"true\" class=\"wp-block-spacer\"><\/div>\n\n\n<div class=\"wp-block-image\">\n<figure class=\"aligncenter size-full is-resized\"><img loading=\"lazy\" decoding=\"async\" width=\"480\" height=\"601\" src=\"https:\/\/raulavellaneda.de\/wp-content\/uploads\/web-IMG_0696-2.jpg\" alt=\"\" class=\"wp-image-4946\" style=\"width:480px\" srcset=\"https:\/\/raulavellaneda.de\/wp-content\/uploads\/web-IMG_0696-2.jpg 480w, https:\/\/raulavellaneda.de\/wp-content\/uploads\/web-IMG_0696-2-240x300.jpg 240w\" sizes=\"auto, (max-width: 480px) 85vw, 480px\" \/><figcaption class=\"wp-element-caption\">Aus der Serie <em>Wachtr\u00e4ume<\/em>, &#8222;Aseptil&#8220; I, peruanisches Wunden-Medikament, Mischtechnik auf Papier, 80 x 100 cm, 1991<\/figcaption><\/figure>\n<\/div>\n\n\n<div style=\"height:120px\" aria-hidden=\"true\" class=\"wp-block-spacer\"><\/div>\n\n\n<div class=\"wp-block-image\">\n<figure class=\"aligncenter size-full\"><img loading=\"lazy\" decoding=\"async\" width=\"480\" height=\"595\" src=\"https:\/\/raulavellaneda.de\/wp-content\/uploads\/web-IMG_0855-1.jpg\" alt=\"\" class=\"wp-image-4944\" srcset=\"https:\/\/raulavellaneda.de\/wp-content\/uploads\/web-IMG_0855-1.jpg 480w, https:\/\/raulavellaneda.de\/wp-content\/uploads\/web-IMG_0855-1-242x300.jpg 242w\" sizes=\"auto, (max-width: 480px) 85vw, 480px\" \/><figcaption class=\"wp-element-caption\">Aus der Serie <em>Wachtr\u00e4ume<\/em>, &#8222;Aseptil&#8220; II, peruanisches Wunden-Medikament, Mischtechnik auf Papier , 80 x 100 cm, 1991<\/figcaption><\/figure>\n<\/div>\n\n\n<div style=\"height:120px\" aria-hidden=\"true\" class=\"wp-block-spacer\"><\/div>\n\n\n\n<div class=\"wp-block-columns is-layout-flex wp-container-core-columns-is-layout-9d6595d7 wp-block-columns-is-layout-flex\">\n<div class=\"wp-block-column is-layout-flow wp-block-column-is-layout-flow\" style=\"flex-basis:50%\">\n<figure class=\"wp-block-image size-full is-resized\"><img loading=\"lazy\" decoding=\"async\" width=\"480\" height=\"653\" src=\"https:\/\/raulavellaneda.de\/wp-content\/uploads\/web-IMG_0618-1.jpg\" alt=\"\" class=\"wp-image-3983\" style=\"width:350px\" srcset=\"https:\/\/raulavellaneda.de\/wp-content\/uploads\/web-IMG_0618-1.jpg 480w, https:\/\/raulavellaneda.de\/wp-content\/uploads\/web-IMG_0618-1-221x300.jpg 221w\" sizes=\"auto, (max-width: 480px) 85vw, 480px\" \/><figcaption class=\"wp-element-caption\">Aus der Serie <em>Wachtr\u00e4ume<\/em>, &#8222;Gib mir deine ganze Liebe&#8220; (d\u00e1me todo tu amor), Acryl auf Raufaser, 47 x 65 cm, 1991<\/figcaption><\/figure>\n<\/div>\n\n\n\n<div class=\"wp-block-column is-layout-flow wp-block-column-is-layout-flow\" style=\"flex-basis:50%\">\n<figure class=\"wp-block-image size-full is-resized\"><img loading=\"lazy\" decoding=\"async\" width=\"472\" height=\"616\" src=\"https:\/\/raulavellaneda.de\/wp-content\/uploads\/web-IMG_0619-2.jpg\" alt=\"\" class=\"wp-image-3982\" style=\"width:350px\" srcset=\"https:\/\/raulavellaneda.de\/wp-content\/uploads\/web-IMG_0619-2.jpg 472w, https:\/\/raulavellaneda.de\/wp-content\/uploads\/web-IMG_0619-2-230x300.jpg 230w\" sizes=\"auto, (max-width: 472px) 85vw, 472px\" \/><figcaption class=\"wp-element-caption\">Aus der Serie <em>Wachtr\u00e4ume<\/em>, &#8222;Arme Blume, die du schlecht geboren bist, kaum den ersten Schritt gemacht, hast du schon dein Gl\u00fcck gefunden&#8220; (pobre flor que mal naciste, al primer paso que diste, te encontraste con tu suerte), Acryl auf Raufaser, 48,5 x 64 cm, 1991<\/figcaption><\/figure>\n<\/div>\n<\/div>\n\n\n\n<div style=\"height:120px\" aria-hidden=\"true\" class=\"wp-block-spacer\"><\/div>\n\n\n<div class=\"wp-block-image\">\n<figure class=\"aligncenter size-full is-resized\"><img loading=\"lazy\" decoding=\"async\" width=\"480\" height=\"667\" src=\"https:\/\/raulavellaneda.de\/wp-content\/uploads\/web-IMG_8089-4.jpg\" alt=\"\" class=\"wp-image-4957\" style=\"width:424px;height:auto\" srcset=\"https:\/\/raulavellaneda.de\/wp-content\/uploads\/web-IMG_8089-4.jpg 480w, https:\/\/raulavellaneda.de\/wp-content\/uploads\/web-IMG_8089-4-216x300.jpg 216w\" sizes=\"auto, (max-width: 480px) 85vw, 480px\" \/><figcaption class=\"wp-element-caption\">Aus der Serie <em>Wachtr\u00e4ume<\/em>, &#8222;David&#8220;, Acryl auf Raufaser, 50 x 70 cm, 1991<\/figcaption><\/figure>\n<\/div>\n\n\n<div style=\"height:120px\" aria-hidden=\"true\" class=\"wp-block-spacer\"><\/div>\n\n\n<div class=\"wp-block-image\">\n<figure class=\"aligncenter size-full is-resized\"><img loading=\"lazy\" decoding=\"async\" width=\"480\" height=\"639\" src=\"https:\/\/raulavellaneda.de\/wp-content\/uploads\/web-IMG_8093-1.jpg\" alt=\"\" class=\"wp-image-3160\" style=\"width:420px;height:auto\" srcset=\"https:\/\/raulavellaneda.de\/wp-content\/uploads\/web-IMG_8093-1.jpg 480w, https:\/\/raulavellaneda.de\/wp-content\/uploads\/web-IMG_8093-1-225x300.jpg 225w\" sizes=\"auto, (max-width: 480px) 85vw, 480px\" \/><figcaption class=\"wp-element-caption\">Aus der Serie <em>Wachtr\u00e4ume<\/em>, &#8222;Der Retter&#8220;, Acryl auf Raufaser, 60 x 80 cm, 1991<\/figcaption><\/figure>\n<\/div>\n\n\n<div style=\"height:10px\" aria-hidden=\"true\" class=\"wp-block-spacer\"><\/div>\n\n\n\n<p class=\"has-text-align-center has-medium-font-size\"><a href=\"https:\/\/raulavellaneda.de\/?page_id=1337\">Werke<\/a><\/p>\n","protected":false},"excerpt":{"rendered":"<p>&#8222;In wachtraum\u00e4hnlichen Zust\u00e4nden wurde ich, von Geisterbildern, aus dem fernen Europa, geplagt. Sie alle erinnerten mich an innere emotionale Verletzungen und an die r\u00fccksichtslose Ironie des Lebens. Diese k\u00fcnstlerische Auseinandersetzung erweckte in mir die Hoffnung, neue Wege f\u00fcr mein Leben zu finden.\u201c Werke<\/p>\n","protected":false},"author":1,"featured_media":0,"parent":0,"menu_order":0,"comment_status":"closed","ping_status":"closed","template":"","meta":{"footnotes":""},"class_list":["post-1549","page","type-page","status-publish","hentry"],"_links":{"self":[{"href":"https:\/\/raulavellaneda.de\/index.php?rest_route=\/wp\/v2\/pages\/1549","targetHints":{"allow":["GET"]}}],"collection":[{"href":"https:\/\/raulavellaneda.de\/index.php?rest_route=\/wp\/v2\/pages"}],"about":[{"href":"https:\/\/raulavellaneda.de\/index.php?rest_route=\/wp\/v2\/types\/page"}],"author":[{"embeddable":true,"href":"https:\/\/raulavellaneda.de\/index.php?rest_route=\/wp\/v2\/users\/1"}],"replies":[{"embeddable":true,"href":"https:\/\/raulavellaneda.de\/index.php?rest_route=%2Fwp%2Fv2%2Fcomments&post=1549"}],"version-history":[{"count":56,"href":"https:\/\/raulavellaneda.de\/index.php?rest_route=\/wp\/v2\/pages\/1549\/revisions"}],"predecessor-version":[{"id":5037,"href":"https:\/\/raulavellaneda.de\/index.php?rest_route=\/wp\/v2\/pages\/1549\/revisions\/5037"}],"wp:attachment":[{"href":"https:\/\/raulavellaneda.de\/index.php?rest_route=%2Fwp%2Fv2%2Fmedia&parent=1549"}],"curies":[{"name":"wp","href":"https:\/\/api.w.org\/{rel}","templated":true}]}}

&#8222;Wachträume&#8220;

<div style="height:20px" aria-hidden="true" class="wp-block-spacer"></div>



<p class="has-medium-font-size"><em>&#8222;In wachtraumähnlichen Zuständen wurde ich, von Geisterbildern, aus dem <em>fernen Europa</em>, geplagt. Sie alle erinnerten mich an innere emotionale Verletzungen und an die rücksichtslose Ironie des Lebens. Diese künstlerische Auseinandersetzung erweckte in mir die Hoffnung, neue Wege für mein Leben zu finden.“</em></p>



<div style="height:20px" aria-hidden="true" class="wp-block-spacer"></div>



<div class="wp-block-columns is-layout-flex wp-container-core-columns-is-layout-9d6595d7 wp-block-columns-is-layout-flex">
<div class="wp-block-column is-layout-flow wp-block-column-is-layout-flow"><div class="wp-block-image">
<figure class="aligncenter size-full is-resized"><img loading="lazy" decoding="async" width="480" height="669" src="https://raulavellaneda.de/wp-content/uploads/web-IMG_8086-2.jpg" alt="" class="wp-image-4952" style="width:350px" srcset="https://raulavellaneda.de/wp-content/uploads/web-IMG_8086-2.jpg 480w, https://raulavellaneda.de/wp-content/uploads/web-IMG_8086-2-215x300.jpg 215w" sizes="auto, (max-width: 480px) 85vw, 480px" /><figcaption class="wp-element-caption">Aus der Serie <em>Wachträume</em>, &#8222;Ich habe verloren&#8220;, Acryl auf Raufaser, 50 x 70 cm, 1991</figcaption></figure>
</div></div>



<div class="wp-block-column is-layout-flow wp-block-column-is-layout-flow"><div class="wp-block-image">
<figure class="aligncenter size-full is-resized"><img loading="lazy" decoding="async" width="480" height="673" src="https://raulavellaneda.de/wp-content/uploads/web-IMG_8088-3.jpg" alt="" class="wp-image-4950" style="width:350px" srcset="https://raulavellaneda.de/wp-content/uploads/web-IMG_8088-3.jpg 480w, https://raulavellaneda.de/wp-content/uploads/web-IMG_8088-3-214x300.jpg 214w" sizes="auto, (max-width: 480px) 85vw, 480px" /><figcaption class="wp-element-caption">Aus der Serie <em>Wachträume</em>, &#8222;Was mir durch den Kopf geht&#8220;, Acryl auf Raufaser, 50 x 70 cm, 1991</figcaption></figure>
</div></div>
</div>



<div style="height:120px" aria-hidden="true" class="wp-block-spacer"></div>


<div class="wp-block-image">
<figure class="aligncenter size-full is-resized"><img loading="lazy" decoding="async" width="480" height="678" src="https://raulavellaneda.de/wp-content/uploads/web-IMG_8082-3.jpg" alt="" class="wp-image-4955" style="object-fit:cover;width:480px;height:840px" srcset="https://raulavellaneda.de/wp-content/uploads/web-IMG_8082-3.jpg 480w, https://raulavellaneda.de/wp-content/uploads/web-IMG_8082-3-212x300.jpg 212w" sizes="auto, (max-width: 480px) 85vw, 480px" /><figcaption class="wp-element-caption">Aus der Serie <em>Wachträume</em>, &#8222;Ich gehe in den Himmel&#8220;, Acryl auf Raufaser, 50 x 70 cm, 1991</figcaption></figure>
</div>


<div style="height:120px" aria-hidden="true" class="wp-block-spacer"></div>


<div class="wp-block-image">
<figure class="aligncenter size-full is-resized"><img loading="lazy" decoding="async" width="480" height="601" src="https://raulavellaneda.de/wp-content/uploads/web-IMG_0696-2.jpg" alt="" class="wp-image-4946" style="width:480px" srcset="https://raulavellaneda.de/wp-content/uploads/web-IMG_0696-2.jpg 480w, https://raulavellaneda.de/wp-content/uploads/web-IMG_0696-2-240x300.jpg 240w" sizes="auto, (max-width: 480px) 85vw, 480px" /><figcaption class="wp-element-caption">Aus der Serie <em>Wachträume</em>, &#8222;Aseptil&#8220; I, peruanisches Wunden-Medikament, Mischtechnik auf Papier, 80 x 100 cm, 1991</figcaption></figure>
</div>


<div style="height:120px" aria-hidden="true" class="wp-block-spacer"></div>


<div class="wp-block-image">
<figure class="aligncenter size-full"><img loading="lazy" decoding="async" width="480" height="595" src="https://raulavellaneda.de/wp-content/uploads/web-IMG_0855-1.jpg" alt="" class="wp-image-4944" srcset="https://raulavellaneda.de/wp-content/uploads/web-IMG_0855-1.jpg 480w, https://raulavellaneda.de/wp-content/uploads/web-IMG_0855-1-242x300.jpg 242w" sizes="auto, (max-width: 480px) 85vw, 480px" /><figcaption class="wp-element-caption">Aus der Serie <em>Wachträume</em>, &#8222;Aseptil&#8220; II, peruanisches Wunden-Medikament, Mischtechnik auf Papier , 80 x 100 cm, 1991</figcaption></figure>
</div>


<div style="height:120px" aria-hidden="true" class="wp-block-spacer"></div>



<div class="wp-block-columns is-layout-flex wp-container-core-columns-is-layout-9d6595d7 wp-block-columns-is-layout-flex">
<div class="wp-block-column is-layout-flow wp-block-column-is-layout-flow" style="flex-basis:50%">
<figure class="wp-block-image size-full is-resized"><img loading="lazy" decoding="async" width="480" height="653" src="https://raulavellaneda.de/wp-content/uploads/web-IMG_0618-1.jpg" alt="" class="wp-image-3983" style="width:350px" srcset="https://raulavellaneda.de/wp-content/uploads/web-IMG_0618-1.jpg 480w, https://raulavellaneda.de/wp-content/uploads/web-IMG_0618-1-221x300.jpg 221w" sizes="auto, (max-width: 480px) 85vw, 480px" /><figcaption class="wp-element-caption">Aus der Serie <em>Wachträume</em>, &#8222;Gib mir deine ganze Liebe&#8220; (dáme todo tu amor), Acryl auf Raufaser, 47 x 65 cm, 1991</figcaption></figure>
</div>



<div class="wp-block-column is-layout-flow wp-block-column-is-layout-flow" style="flex-basis:50%">
<figure class="wp-block-image size-full is-resized"><img loading="lazy" decoding="async" width="472" height="616" src="https://raulavellaneda.de/wp-content/uploads/web-IMG_0619-2.jpg" alt="" class="wp-image-3982" style="width:350px" srcset="https://raulavellaneda.de/wp-content/uploads/web-IMG_0619-2.jpg 472w, https://raulavellaneda.de/wp-content/uploads/web-IMG_0619-2-230x300.jpg 230w" sizes="auto, (max-width: 472px) 85vw, 472px" /><figcaption class="wp-element-caption">Aus der Serie <em>Wachträume</em>, &#8222;Arme Blume, die du schlecht geboren bist, kaum den ersten Schritt gemacht, hast du schon dein Glück gefunden&#8220; (pobre flor que mal naciste, al primer paso que diste, te encontraste con tu suerte), Acryl auf Raufaser, 48,5 x 64 cm, 1991</figcaption></figure>
</div>
</div>



<div style="height:120px" aria-hidden="true" class="wp-block-spacer"></div>


<div class="wp-block-image">
<figure class="aligncenter size-full is-resized"><img loading="lazy" decoding="async" width="480" height="667" src="https://raulavellaneda.de/wp-content/uploads/web-IMG_8089-4.jpg" alt="" class="wp-image-4957" style="width:424px;height:auto" srcset="https://raulavellaneda.de/wp-content/uploads/web-IMG_8089-4.jpg 480w, https://raulavellaneda.de/wp-content/uploads/web-IMG_8089-4-216x300.jpg 216w" sizes="auto, (max-width: 480px) 85vw, 480px" /><figcaption class="wp-element-caption">Aus der Serie <em>Wachträume</em>, &#8222;David&#8220;, Acryl auf Raufaser, 50 x 70 cm, 1991</figcaption></figure>
</div>


<div style="height:120px" aria-hidden="true" class="wp-block-spacer"></div>


<div class="wp-block-image">
<figure class="aligncenter size-full is-resized"><img loading="lazy" decoding="async" width="480" height="639" src="https://raulavellaneda.de/wp-content/uploads/web-IMG_8093-1.jpg" alt="" class="wp-image-3160" style="width:420px;height:auto" srcset="https://raulavellaneda.de/wp-content/uploads/web-IMG_8093-1.jpg 480w, https://raulavellaneda.de/wp-content/uploads/web-IMG_8093-1-225x300.jpg 225w" sizes="auto, (max-width: 480px) 85vw, 480px" /><figcaption class="wp-element-caption">Aus der Serie <em>Wachträume</em>, &#8222;Der Retter&#8220;, Acryl auf Raufaser, 60 x 80 cm, 1991</figcaption></figure>
</div>


<div style="height:10px" aria-hidden="true" class="wp-block-spacer"></div>



<p class="has-text-align-center has-medium-font-size"><a href="https://raulavellaneda.de/?page_id=1337">Werke</a></p>

<p>&#8222;In wachtraumähnlichen Zuständen wurde ich, von Geisterbildern, aus dem fernen Europa, geplagt. Sie alle erinnerten mich an innere emotionale Verletzungen und an die rücksichtslose Ironie des Lebens. Diese künstlerische Auseinandersetzung erweckte in mir die Hoffnung, neue Wege für mein Leben zu finden.“ Werke</p>
