{"id":1485,"date":"2023-11-16T13:23:57","date_gmt":"2023-11-16T12:23:57","guid":{"rendered":"https:\/\/raulavellaneda.de\/?page_id=1485"},"modified":"2024-03-01T16:36:12","modified_gmt":"2024-03-01T15:36:12","slug":"carita-punteada-1983","status":"publish","type":"page","link":"https:\/\/raulavellaneda.de\/?page_id=1485","title":{"rendered":"&#8222;Carita Punteada&#8220;"},"content":{"rendered":"\n<p id=\"block-f0c22247-021d-49e8-a36f-9dcf5cbc477e\">Fotoaktion auf dem Friedhof Santa Eulalia in Chosica, Lima Per\u00fa, 1983 &#8211; 1986<\/p>\n\n\n\n<div style=\"height:20px\" aria-hidden=\"true\" class=\"wp-block-spacer\"><\/div>\n\n\n\n<figure class=\"wp-block-image size-full\"><img loading=\"lazy\" decoding=\"async\" width=\"840\" height=\"534\" src=\"https:\/\/raulavellaneda.de\/wp-content\/uploads\/Web-IMG_0892.jpg\" alt=\"\" class=\"wp-image-4278\" srcset=\"https:\/\/raulavellaneda.de\/wp-content\/uploads\/Web-IMG_0892.jpg 840w, https:\/\/raulavellaneda.de\/wp-content\/uploads\/Web-IMG_0892-300x191.jpg 300w, https:\/\/raulavellaneda.de\/wp-content\/uploads\/Web-IMG_0892-768x488.jpg 768w\" sizes=\"auto, (max-width: 709px) 85vw, (max-width: 909px) 67vw, (max-width: 1362px) 62vw, 840px\" \/><figcaption class=\"wp-element-caption\">Friedhof Santa Eulalia, Chosica, Lima &#8211; Peru<\/figcaption><\/figure>\n\n\n\n<div style=\"height:20px\" aria-hidden=\"true\" class=\"wp-block-spacer\"><\/div>\n\n\n\n<p class=\"has-medium-font-size\"><em>&#8222;Der allgegenw\u00e4rtige Tod begleitete mich seit meiner fr\u00fchsten Kindheit. Ich f\u00fchlte mich mit ihm innerlich verbunden wie mit einem Lebensbegleiter, der mich niemals verlassen w\u00fcrde. Der Tod als Folge des Machtmissbrauchs,  in den achtziger Jahren, in Per\u00fa, bewegte mich diese Widerstandsaktion zu realisieren, in der ich mein inneren Kampf zwischen Eros und Thanatos vor leeren Gr\u00e4bern erlebte&#8220;<\/em><\/p>\n\n\n\n<div style=\"height:120px\" aria-hidden=\"true\" class=\"wp-block-spacer\"><\/div>\n\n\n\n<figure class=\"wp-block-image size-full\"><img loading=\"lazy\" decoding=\"async\" width=\"837\" height=\"544\" src=\"https:\/\/raulavellaneda.de\/wp-content\/uploads\/web-2-19-2024_001-1.jpg\" alt=\"\" class=\"wp-image-4320\" srcset=\"https:\/\/raulavellaneda.de\/wp-content\/uploads\/web-2-19-2024_001-1.jpg 837w, https:\/\/raulavellaneda.de\/wp-content\/uploads\/web-2-19-2024_001-1-300x195.jpg 300w, https:\/\/raulavellaneda.de\/wp-content\/uploads\/web-2-19-2024_001-1-768x499.jpg 768w\" sizes=\"auto, (max-width: 837px) 85vw, 837px\" \/><figcaption class=\"wp-element-caption\">Bei der Vorbereitung der Requisiten<\/figcaption><\/figure>\n\n\n\n<div style=\"height:120px\" aria-hidden=\"true\" class=\"wp-block-spacer\"><\/div>\n\n\n\n<div class=\"wp-block-columns is-layout-flex wp-container-core-columns-is-layout-9d6595d7 wp-block-columns-is-layout-flex\">\n<div class=\"wp-block-column is-layout-flow wp-block-column-is-layout-flow\">\n<figure class=\"wp-block-image size-full is-resized\"><img loading=\"lazy\" decoding=\"async\" width=\"480\" height=\"741\" src=\"https:\/\/raulavellaneda.de\/wp-content\/uploads\/web-0004-1.jpg\" alt=\"\" class=\"wp-image-4284\" style=\"width:350px\" srcset=\"https:\/\/raulavellaneda.de\/wp-content\/uploads\/web-0004-1.jpg 480w, https:\/\/raulavellaneda.de\/wp-content\/uploads\/web-0004-1-194x300.jpg 194w\" sizes=\"auto, (max-width: 480px) 85vw, 480px\" \/><\/figure>\n<\/div>\n\n\n\n<div class=\"wp-block-column is-layout-flow wp-block-column-is-layout-flow\">\n<figure class=\"wp-block-image size-full is-resized\"><img loading=\"lazy\" decoding=\"async\" width=\"480\" height=\"741\" src=\"https:\/\/raulavellaneda.de\/wp-content\/uploads\/web-0030-2.jpg\" alt=\"\" class=\"wp-image-4290\" style=\"width:350px\" srcset=\"https:\/\/raulavellaneda.de\/wp-content\/uploads\/web-0030-2.jpg 480w, https:\/\/raulavellaneda.de\/wp-content\/uploads\/web-0030-2-194x300.jpg 194w\" sizes=\"auto, (max-width: 480px) 85vw, 480px\" \/><\/figure>\n<\/div>\n<\/div>\n\n\n\n<div style=\"height:120px\" aria-hidden=\"true\" class=\"wp-block-spacer\"><\/div>\n\n\n\n<figure class=\"wp-block-image size-full\"><img loading=\"lazy\" decoding=\"async\" width=\"840\" height=\"544\" src=\"https:\/\/raulavellaneda.de\/wp-content\/uploads\/web-10099.jpg\" alt=\"\" class=\"wp-image-1914\" srcset=\"https:\/\/raulavellaneda.de\/wp-content\/uploads\/web-10099.jpg 840w, https:\/\/raulavellaneda.de\/wp-content\/uploads\/web-10099-300x194.jpg 300w, https:\/\/raulavellaneda.de\/wp-content\/uploads\/web-10099-768x497.jpg 768w\" sizes=\"auto, (max-width: 709px) 85vw, (max-width: 909px) 67vw, (max-width: 1362px) 62vw, 840px\" \/><\/figure>\n\n\n\n<div style=\"height:100px\" aria-hidden=\"true\" class=\"wp-block-spacer\"><\/div>\n\n\n\n<figure class=\"wp-block-image size-full\"><img loading=\"lazy\" decoding=\"async\" width=\"840\" height=\"544\" src=\"https:\/\/raulavellaneda.de\/wp-content\/uploads\/web-100109.jpg\" alt=\"\" class=\"wp-image-1915\" srcset=\"https:\/\/raulavellaneda.de\/wp-content\/uploads\/web-100109.jpg 840w, https:\/\/raulavellaneda.de\/wp-content\/uploads\/web-100109-300x194.jpg 300w, https:\/\/raulavellaneda.de\/wp-content\/uploads\/web-100109-768x497.jpg 768w\" sizes=\"auto, (max-width: 709px) 85vw, (max-width: 909px) 67vw, (max-width: 1362px) 62vw, 840px\" \/><\/figure>\n\n\n\n<div style=\"height:120px\" aria-hidden=\"true\" class=\"wp-block-spacer\"><\/div>\n\n\n\n<div class=\"wp-block-columns is-layout-flex wp-container-core-columns-is-layout-9d6595d7 wp-block-columns-is-layout-flex\">\n<div class=\"wp-block-column is-layout-flow wp-block-column-is-layout-flow\">\n<figure class=\"wp-block-image size-full is-resized\"><img loading=\"lazy\" decoding=\"async\" width=\"480\" height=\"736\" src=\"https:\/\/raulavellaneda.de\/wp-content\/uploads\/web-00010.jpg\" alt=\"\" class=\"wp-image-1920\" style=\"width:350px\" srcset=\"https:\/\/raulavellaneda.de\/wp-content\/uploads\/web-00010.jpg 480w, https:\/\/raulavellaneda.de\/wp-content\/uploads\/web-00010-196x300.jpg 196w\" sizes=\"auto, (max-width: 480px) 85vw, 480px\" \/><\/figure>\n<\/div>\n\n\n\n<div class=\"wp-block-column is-layout-flow wp-block-column-is-layout-flow\">\n<figure class=\"wp-block-image size-full is-resized\"><img loading=\"lazy\" decoding=\"async\" width=\"480\" height=\"741\" src=\"https:\/\/raulavellaneda.de\/wp-content\/uploads\/web-00011-1.jpg\" alt=\"\" class=\"wp-image-1921\" style=\"width:350px\" srcset=\"https:\/\/raulavellaneda.de\/wp-content\/uploads\/web-00011-1.jpg 480w, https:\/\/raulavellaneda.de\/wp-content\/uploads\/web-00011-1-194x300.jpg 194w\" sizes=\"auto, (max-width: 480px) 85vw, 480px\" \/><\/figure>\n<\/div>\n<\/div>\n\n\n\n<div style=\"height:100px\" aria-hidden=\"true\" class=\"wp-block-spacer\"><\/div>\n\n\n\n<div style=\"height:100px\" aria-hidden=\"true\" class=\"wp-block-spacer\"><\/div>\n\n\n<div class=\"wp-block-image\">\n<figure class=\"aligncenter size-full is-resized\"><img loading=\"lazy\" decoding=\"async\" width=\"480\" height=\"741\" src=\"https:\/\/raulavellaneda.de\/wp-content\/uploads\/web-0061.jpg\" alt=\"\" class=\"wp-image-1926\" style=\"width:480px\" srcset=\"https:\/\/raulavellaneda.de\/wp-content\/uploads\/web-0061.jpg 480w, https:\/\/raulavellaneda.de\/wp-content\/uploads\/web-0061-194x300.jpg 194w\" sizes=\"auto, (max-width: 480px) 85vw, 480px\" \/><\/figure>\n<\/div>\n\n\n<div style=\"height:120px\" aria-hidden=\"true\" class=\"wp-block-spacer\"><\/div>\n\n\n<div class=\"wp-block-image\">\n<figure class=\"aligncenter size-full is-resized\"><img loading=\"lazy\" decoding=\"async\" width=\"480\" height=\"741\" src=\"https:\/\/raulavellaneda.de\/wp-content\/uploads\/web-0013-2.jpg\" alt=\"\" class=\"wp-image-1927\" style=\"width:480px\" srcset=\"https:\/\/raulavellaneda.de\/wp-content\/uploads\/web-0013-2.jpg 480w, https:\/\/raulavellaneda.de\/wp-content\/uploads\/web-0013-2-194x300.jpg 194w\" sizes=\"auto, (max-width: 480px) 85vw, 480px\" \/><\/figure>\n<\/div>\n\n\n<div style=\"height:120px\" aria-hidden=\"true\" class=\"wp-block-spacer\"><\/div>\n\n\n\n<div class=\"wp-block-columns is-layout-flex wp-container-core-columns-is-layout-9d6595d7 wp-block-columns-is-layout-flex\">\n<div class=\"wp-block-column is-layout-flow wp-block-column-is-layout-flow\" style=\"flex-basis:50%\">\n<figure class=\"wp-block-image size-full is-resized\"><img loading=\"lazy\" decoding=\"async\" width=\"480\" height=\"741\" src=\"https:\/\/raulavellaneda.de\/wp-content\/uploads\/web62.jpg\" alt=\"\" class=\"wp-image-4294\" style=\"width:350px\" srcset=\"https:\/\/raulavellaneda.de\/wp-content\/uploads\/web62.jpg 480w, https:\/\/raulavellaneda.de\/wp-content\/uploads\/web62-194x300.jpg 194w\" sizes=\"auto, (max-width: 480px) 85vw, 480px\" \/><\/figure>\n<\/div>\n\n\n\n<div class=\"wp-block-column is-layout-flow wp-block-column-is-layout-flow\" style=\"flex-basis:50%\">\n<figure class=\"wp-block-image size-full is-resized\"><img loading=\"lazy\" decoding=\"async\" width=\"480\" height=\"741\" src=\"https:\/\/raulavellaneda.de\/wp-content\/uploads\/web-69.jpg\" alt=\"\" class=\"wp-image-4295\" style=\"width:350px\" srcset=\"https:\/\/raulavellaneda.de\/wp-content\/uploads\/web-69.jpg 480w, https:\/\/raulavellaneda.de\/wp-content\/uploads\/web-69-194x300.jpg 194w\" sizes=\"auto, (max-width: 480px) 85vw, 480px\" \/><\/figure>\n<\/div>\n<\/div>\n\n\n\n<div style=\"height:120px\" aria-hidden=\"true\" class=\"wp-block-spacer\"><\/div>\n\n\n<div class=\"wp-block-image\">\n<figure class=\"aligncenter size-full is-resized\"><img loading=\"lazy\" decoding=\"async\" width=\"480\" height=\"741\" src=\"https:\/\/raulavellaneda.de\/wp-content\/uploads\/web-0017-2.jpg\" alt=\"\" class=\"wp-image-4262\" style=\"width:480px\" srcset=\"https:\/\/raulavellaneda.de\/wp-content\/uploads\/web-0017-2.jpg 480w, https:\/\/raulavellaneda.de\/wp-content\/uploads\/web-0017-2-194x300.jpg 194w\" sizes=\"auto, (max-width: 480px) 85vw, 480px\" \/><\/figure>\n<\/div>\n\n\n<div style=\"height:120px\" aria-hidden=\"true\" class=\"wp-block-spacer\"><\/div>\n\n\n<div class=\"wp-block-image\">\n<figure class=\"aligncenter size-full is-resized\"><img loading=\"lazy\" decoding=\"async\" width=\"480\" height=\"741\" src=\"https:\/\/raulavellaneda.de\/wp-content\/uploads\/web-1006.jpg\" alt=\"\" class=\"wp-image-1929\" style=\"width:480px\" srcset=\"https:\/\/raulavellaneda.de\/wp-content\/uploads\/web-1006.jpg 480w, https:\/\/raulavellaneda.de\/wp-content\/uploads\/web-1006-194x300.jpg 194w\" sizes=\"auto, (max-width: 480px) 85vw, 480px\" \/><\/figure>\n<\/div>\n\n\n<div style=\"height:120px\" aria-hidden=\"true\" class=\"wp-block-spacer\"><\/div>\n\n\n<div class=\"wp-block-image\">\n<figure class=\"aligncenter size-full\"><img loading=\"lazy\" decoding=\"async\" width=\"480\" height=\"718\" src=\"https:\/\/raulavellaneda.de\/wp-content\/uploads\/web-gute-0045.jpg\" alt=\"\" class=\"wp-image-4302\" srcset=\"https:\/\/raulavellaneda.de\/wp-content\/uploads\/web-gute-0045.jpg 480w, https:\/\/raulavellaneda.de\/wp-content\/uploads\/web-gute-0045-201x300.jpg 201w\" sizes=\"auto, (max-width: 480px) 85vw, 480px\" \/><\/figure>\n<\/div>\n\n\n<div style=\"height:120px\" aria-hidden=\"true\" class=\"wp-block-spacer\"><\/div>\n\n\n\n<figure class=\"wp-block-image size-full\"><img loading=\"lazy\" decoding=\"async\" width=\"840\" height=\"544\" src=\"https:\/\/raulavellaneda.de\/wp-content\/uploads\/web-1001.jpg\" alt=\"\" class=\"wp-image-1930\" srcset=\"https:\/\/raulavellaneda.de\/wp-content\/uploads\/web-1001.jpg 840w, https:\/\/raulavellaneda.de\/wp-content\/uploads\/web-1001-300x194.jpg 300w, https:\/\/raulavellaneda.de\/wp-content\/uploads\/web-1001-768x497.jpg 768w\" sizes=\"auto, (max-width: 709px) 85vw, (max-width: 909px) 67vw, (max-width: 1362px) 62vw, 840px\" \/><\/figure>\n\n\n\n<div style=\"height:100px\" aria-hidden=\"true\" class=\"wp-block-spacer\"><\/div>\n\n\n<div class=\"wp-block-image\">\n<figure class=\"aligncenter size-full is-resized\"><img loading=\"lazy\" decoding=\"async\" width=\"480\" height=\"741\" src=\"https:\/\/raulavellaneda.de\/wp-content\/uploads\/web-61.jpg\" alt=\"\" class=\"wp-image-1931\" style=\"width:480px\" srcset=\"https:\/\/raulavellaneda.de\/wp-content\/uploads\/web-61.jpg 480w, https:\/\/raulavellaneda.de\/wp-content\/uploads\/web-61-194x300.jpg 194w\" sizes=\"auto, (max-width: 480px) 85vw, 480px\" \/><\/figure>\n<\/div>\n\n\n<div style=\"height:120px\" aria-hidden=\"true\" class=\"wp-block-spacer\"><\/div>\n\n\n<div class=\"wp-block-image\">\n<figure class=\"aligncenter size-full is-resized\"><img loading=\"lazy\" decoding=\"async\" width=\"480\" height=\"741\" src=\"https:\/\/raulavellaneda.de\/wp-content\/uploads\/web-0060.jpg\" alt=\"\" class=\"wp-image-1932\" style=\"width:480px\" srcset=\"https:\/\/raulavellaneda.de\/wp-content\/uploads\/web-0060.jpg 480w, https:\/\/raulavellaneda.de\/wp-content\/uploads\/web-0060-194x300.jpg 194w\" sizes=\"auto, (max-width: 480px) 85vw, 480px\" \/><\/figure>\n<\/div>\n\n\n<div style=\"height:20px\" aria-hidden=\"true\" class=\"wp-block-spacer\"><\/div>\n\n\n\n<h2 class=\"wp-block-heading has-medium-font-size\">Dokumentationen<\/h2>\n\n\n\n<div style=\"height:20px\" aria-hidden=\"true\" class=\"wp-block-spacer\"><\/div>\n\n\n\n<p class=\"has-medium-font-size\"><em>&#8222;Die Folgen der Armut und die dadurch verlorenen inneren Werte, brachten als Konsequenz den banalen Umgang mit menschlichen \u00dcberreste. Fleytas, ein Freund, der als der Friedhofsgr\u00e4ber auf dem Friedhof von Chosica arbeitete, hatte dort eine Unterkunft gefunden und lebte mit den Toten. Arme Menschen konnten sich nur vor\u00fcbergehend erlauben eine dauerhafte Bleibe f\u00fcr ihre toten Verwandten zu bezahlen. Fleytas musste regelm\u00e4\u00dfig die Gr\u00e4ber leeren, die \u00dcberreste verbrannte er auf der M\u00fcllhalde des Friedhofs.&#8220;<\/em><\/p>\n\n\n\n<div style=\"height:100px\" aria-hidden=\"true\" class=\"wp-block-spacer\"><\/div>\n\n\n<div class=\"wp-block-image\">\n<figure class=\"aligncenter size-full\"><img loading=\"lazy\" decoding=\"async\" width=\"480\" height=\"741\" src=\"https:\/\/raulavellaneda.de\/wp-content\/uploads\/web-b2.jpg\" alt=\"\" class=\"wp-image-4265\" srcset=\"https:\/\/raulavellaneda.de\/wp-content\/uploads\/web-b2.jpg 480w, https:\/\/raulavellaneda.de\/wp-content\/uploads\/web-b2-194x300.jpg 194w\" sizes=\"auto, (max-width: 480px) 85vw, 480px\" \/><figcaption class=\"wp-element-caption\">Central Friedhof in Lima, die unbrauchbaren Reste werden auf den D\u00e4chern der Gr\u00e4ber hingeworfen.<\/figcaption><\/figure>\n<\/div>\n\n\n<div style=\"height:100px\" aria-hidden=\"true\" class=\"wp-block-spacer\"><\/div>\n\n\n<div class=\"wp-block-image\">\n<figure class=\"aligncenter size-full\"><img loading=\"lazy\" decoding=\"async\" width=\"840\" height=\"559\" src=\"https:\/\/raulavellaneda.de\/wp-content\/uploads\/web-c.jpg\" alt=\"\" class=\"wp-image-4266\" srcset=\"https:\/\/raulavellaneda.de\/wp-content\/uploads\/web-c.jpg 840w, https:\/\/raulavellaneda.de\/wp-content\/uploads\/web-c-300x200.jpg 300w, https:\/\/raulavellaneda.de\/wp-content\/uploads\/web-c-768x511.jpg 768w\" sizes=\"auto, (max-width: 709px) 85vw, (max-width: 909px) 67vw, (max-width: 1362px) 62vw, 840px\" \/><\/figure>\n<\/div>\n\n\n<div style=\"height:100px\" aria-hidden=\"true\" class=\"wp-block-spacer\"><\/div>\n\n\n\n<div class=\"wp-block-columns is-layout-flex wp-container-core-columns-is-layout-9d6595d7 wp-block-columns-is-layout-flex\">\n<div class=\"wp-block-column is-layout-flow wp-block-column-is-layout-flow\">\n<figure class=\"wp-block-image size-full is-resized\"><img loading=\"lazy\" decoding=\"async\" width=\"480\" height=\"736\" src=\"https:\/\/raulavellaneda.de\/wp-content\/uploads\/web-j.jpg\" alt=\"\" class=\"wp-image-4298\" style=\"width:350px\" srcset=\"https:\/\/raulavellaneda.de\/wp-content\/uploads\/web-j.jpg 480w, https:\/\/raulavellaneda.de\/wp-content\/uploads\/web-j-196x300.jpg 196w\" sizes=\"auto, (max-width: 480px) 85vw, 480px\" \/><figcaption class=\"wp-element-caption\">Verbrennung des Abfalls am Friedhof in Chosica<\/figcaption><\/figure>\n<\/div>\n\n\n\n<div class=\"wp-block-column is-layout-flow wp-block-column-is-layout-flow\">\n<figure class=\"wp-block-image size-full is-resized\"><img loading=\"lazy\" decoding=\"async\" width=\"480\" height=\"727\" src=\"https:\/\/raulavellaneda.de\/wp-content\/uploads\/web-h.jpg\" alt=\"\" class=\"wp-image-4299\" style=\"width:350px\" srcset=\"https:\/\/raulavellaneda.de\/wp-content\/uploads\/web-h.jpg 480w, https:\/\/raulavellaneda.de\/wp-content\/uploads\/web-h-198x300.jpg 198w\" sizes=\"auto, (max-width: 480px) 85vw, 480px\" \/><\/figure>\n<\/div>\n<\/div>\n\n\n\n<div style=\"height:120px\" aria-hidden=\"true\" class=\"wp-block-spacer\"><\/div>\n\n\n<div class=\"wp-block-image\">\n<figure class=\"aligncenter size-full\"><img loading=\"lazy\" decoding=\"async\" width=\"840\" height=\"551\" src=\"https:\/\/raulavellaneda.de\/wp-content\/uploads\/web-d.jpg\" alt=\"\" class=\"wp-image-4267\" srcset=\"https:\/\/raulavellaneda.de\/wp-content\/uploads\/web-d.jpg 840w, https:\/\/raulavellaneda.de\/wp-content\/uploads\/web-d-300x197.jpg 300w, https:\/\/raulavellaneda.de\/wp-content\/uploads\/web-d-768x504.jpg 768w\" sizes=\"auto, (max-width: 709px) 85vw, (max-width: 909px) 67vw, (max-width: 1362px) 62vw, 840px\" \/><\/figure>\n<\/div>\n\n\n<div style=\"height:120px\" aria-hidden=\"true\" class=\"wp-block-spacer\"><\/div>\n\n\n\n<figure class=\"wp-block-image size-full\"><img loading=\"lazy\" decoding=\"async\" width=\"840\" height=\"544\" src=\"https:\/\/raulavellaneda.de\/wp-content\/uploads\/web-spiegelt.jpg\" alt=\"\" class=\"wp-image-4300\" srcset=\"https:\/\/raulavellaneda.de\/wp-content\/uploads\/web-spiegelt.jpg 840w, https:\/\/raulavellaneda.de\/wp-content\/uploads\/web-spiegelt-300x194.jpg 300w, https:\/\/raulavellaneda.de\/wp-content\/uploads\/web-spiegelt-768x497.jpg 768w\" sizes=\"auto, (max-width: 709px) 85vw, (max-width: 909px) 67vw, (max-width: 1362px) 62vw, 840px\" \/><figcaption class=\"wp-element-caption\">1986 wurden die gefolterten K\u00f6rper politischer Gefangener, im Namen des  Staates, auf umliegende Friedh\u00f6fe verteilt und heimlich bestattet. Die Friedhofsw\u00e4rter wurden gezwungen die Leichen anonym zu begraben. In eine Nacht- und Nebel-Aktion wurden die Gr\u00e4ber rot angemalt und mit den Erkennungszeichen der Guerilla-Gruppe &#8222;Sendero Luminoso&#8220; (Der leuchtenden Pfad), sowie mit den vollst\u00e4ndigen Namen und Datum des Todestages gekennzeichnet. Kurz davor hatte Avellaneda seine Aktion &#8222;Carita punteada&#8220; auf dem Friedhofsgang, zwischen den noch leeren Gr\u00e4bern, realisiert.<\/figcaption><\/figure>\n\n\n\n<div style=\"height:120px\" aria-hidden=\"true\" class=\"wp-block-spacer\"><\/div>\n\n\n\n<figure class=\"wp-block-image size-full is-resized\"><img loading=\"lazy\" decoding=\"async\" width=\"840\" height=\"544\" src=\"https:\/\/raulavellaneda.de\/wp-content\/uploads\/web-n.jpg\" alt=\"\" class=\"wp-image-4301\" style=\"width:630px;height:auto\" srcset=\"https:\/\/raulavellaneda.de\/wp-content\/uploads\/web-n.jpg 840w, https:\/\/raulavellaneda.de\/wp-content\/uploads\/web-n-300x194.jpg 300w, https:\/\/raulavellaneda.de\/wp-content\/uploads\/web-n-768x497.jpg 768w\" sizes=\"auto, (max-width: 709px) 85vw, (max-width: 909px) 67vw, (max-width: 1362px) 62vw, 840px\" \/><figcaption class=\"wp-element-caption\">Friedhofsbesucher mit H.J. Psotta (oben links) und Fleytas P. (unten rechts), beim Besuch der roten Gr\u00e4ber, in Chosica, August, 1986<\/figcaption><\/figure>\n\n\n\n<div style=\"height:120px\" aria-hidden=\"true\" class=\"wp-block-spacer\"><\/div>\n\n\n\n<figure class=\"wp-block-image size-full\"><img loading=\"lazy\" decoding=\"async\" width=\"840\" height=\"528\" src=\"https:\/\/raulavellaneda.de\/wp-content\/uploads\/web-IMG_0895.jpg\" alt=\"\" class=\"wp-image-4304\" srcset=\"https:\/\/raulavellaneda.de\/wp-content\/uploads\/web-IMG_0895.jpg 840w, https:\/\/raulavellaneda.de\/wp-content\/uploads\/web-IMG_0895-300x189.jpg 300w, https:\/\/raulavellaneda.de\/wp-content\/uploads\/web-IMG_0895-768x483.jpg 768w\" sizes=\"auto, (max-width: 709px) 85vw, (max-width: 909px) 67vw, (max-width: 1362px) 62vw, 840px\" \/><figcaption class=\"wp-element-caption\">Wohngegend neben dem Friedhof Santa Eulalia in Chosica<\/figcaption><\/figure>\n\n\n\n<div style=\"height:10px\" aria-hidden=\"true\" class=\"wp-block-spacer\"><\/div>\n\n\n\n<p>Fotos: Sergio Zevallos, Ra\u00fal Avellaneda<\/p>\n\n\n\n<p>Mitwirkende: Ra\u00fal Avellaneda, Fleytas X. <\/p>\n\n\n\n<p class=\"has-text-align-center has-medium-font-size\"><a href=\"https:\/\/raulavellaneda.de\/?page_id=1337\">Werke<\/a><\/p>\n","protected":false},"excerpt":{"rendered":"<p>Fotoaktion auf dem Friedhof Santa Eulalia in Chosica, Lima Per\u00fa, 1983 &#8211; 1986 &#8222;Der allgegenw\u00e4rtige Tod begleitete mich seit meiner fr\u00fchsten Kindheit. Ich f\u00fchlte mich mit ihm innerlich verbunden wie mit einem Lebensbegleiter, der mich niemals verlassen w\u00fcrde. Der Tod als Folge des Machtmissbrauchs, in den achtziger Jahren, in Per\u00fa, bewegte mich diese Widerstandsaktion zu &hellip; <a href=\"https:\/\/raulavellaneda.de\/?page_id=1485\" class=\"more-link\"><span class=\"screen-reader-text\">\u201e&#8222;Carita Punteada&#8220;\u201c<\/span> weiterlesen<\/a><\/p>\n","protected":false},"author":1,"featured_media":0,"parent":0,"menu_order":0,"comment_status":"closed","ping_status":"closed","template":"","meta":{"footnotes":""},"class_list":["post-1485","page","type-page","status-publish","hentry"],"_links":{"self":[{"href":"https:\/\/raulavellaneda.de\/index.php?rest_route=\/wp\/v2\/pages\/1485","targetHints":{"allow":["GET"]}}],"collection":[{"href":"https:\/\/raulavellaneda.de\/index.php?rest_route=\/wp\/v2\/pages"}],"about":[{"href":"https:\/\/raulavellaneda.de\/index.php?rest_route=\/wp\/v2\/types\/page"}],"author":[{"embeddable":true,"href":"https:\/\/raulavellaneda.de\/index.php?rest_route=\/wp\/v2\/users\/1"}],"replies":[{"embeddable":true,"href":"https:\/\/raulavellaneda.de\/index.php?rest_route=%2Fwp%2Fv2%2Fcomments&post=1485"}],"version-history":[{"count":42,"href":"https:\/\/raulavellaneda.de\/index.php?rest_route=\/wp\/v2\/pages\/1485\/revisions"}],"predecessor-version":[{"id":4854,"href":"https:\/\/raulavellaneda.de\/index.php?rest_route=\/wp\/v2\/pages\/1485\/revisions\/4854"}],"wp:attachment":[{"href":"https:\/\/raulavellaneda.de\/index.php?rest_route=%2Fwp%2Fv2%2Fmedia&parent=1485"}],"curies":[{"name":"wp","href":"https:\/\/api.w.org\/{rel}","templated":true}]}}