{"id":1285,"date":"2023-09-18T23:10:19","date_gmt":"2023-09-18T21:10:19","guid":{"rendered":"https:\/\/raulavellaneda.de\/?page_id=1285"},"modified":"2024-05-13T22:58:58","modified_gmt":"2024-05-13T20:58:58","slug":"die-traeume-des-papstes","status":"publish","type":"page","link":"https:\/\/raulavellaneda.de\/?page_id=1285","title":{"rendered":"&#8222;Tr\u00e4ume des Papstes&#8220;"},"content":{"rendered":"\n<div style=\"height:20px\" aria-hidden=\"true\" class=\"wp-block-spacer\"><\/div>\n\n\n\n<p class=\"has-medium-font-size\"><strong>Johannes Paul\u00a0II<\/strong>\u00a0war ein\u00a0polnischer\u00a0Geistlicher. Er war von seiner\u00a0Wahl am 16.\u00a0Oktober 1978\u00a0bis zu seinem Tod im Jahr 2005 der 264.\u00a0Bischof von Rom (Papst) und damit Oberhaupt der\u00a0r\u00f6misch-katholischen Kirche,\u00a0sowie das sechste Staatsoberhaupt der Vatikanstadt. Er war ein \u00fcberzeugter Antikommunist.<\/p>\n\n\n\n<p class=\"has-medium-font-size\">Im Februar 1985, w\u00e4hrend die Grupo Chaclacayo am TODESBILDER Projekt arbeitete, besuchte Papst Johannes Paul II Peru. Er reiste auch in die Provinz Ayacucho, welche sich im Ausnahmezustand befand und vom Milit\u00e4r besetzt war. In diesem Gebiet geschahen, seit der Wiedereinf\u00fchrung des demokratischen Systems in Peru, die meisten politischen Massenmorde und schwere Verletzungen der Menschenrechte.<\/p>\n\n\n\n<p class=\"has-medium-font-size\">Im Jahr 1987 besuchte Johannes Paul II Chile. Als Pr\u00e4sident Salvador Allende, w\u00e4hrend des Milit\u00e4rputschs am 11. September 1973, ermordet wurde, kniete Johannes Paul II mit dem Diktator Pinochet zum Gebet nieder. Mit Lucia Hiriart de Pinochet, ihren f\u00fcnf Kindern, 17 Enkeln und der Schwiegermutter des Diktators, sah er sich Familienfotos an.<\/p>\n\n\n\n<p class=\"has-medium-font-size\">Im Mai 1988 besuchte Papst Johannes Paul II zum zweiten Mal Peru. Unter anderen offiziellen Aktivit\u00e4ten, weihte er das Land der Mutter Gottes, indem er einer Gipsstatue der Jungfrau Maria eine goldene Rose in die Hand legte, ein.<\/p>\n\n\n\n<p class=\"has-medium-font-size\">Am 14. Mai, w\u00e4hrend der Papst mit allen Ehrenbezeugungen in Lima empfangen wurde, f\u00fchrte die Armee in der Ayacucho-Provinz Cayara ein grauenhaftes Massaker durch.<\/p>\n\n\n\n<div style=\"height:20px\" aria-hidden=\"true\" class=\"wp-block-spacer\"><\/div>\n\n\n<div class=\"wp-block-image\">\n<figure class=\"aligncenter size-full is-resized\"><img loading=\"lazy\" decoding=\"async\" width=\"428\" height=\"435\" src=\"https:\/\/raulavellaneda.de\/wp-content\/uploads\/geschnitten-web-IMG_0715.jpg\" alt=\"\" class=\"wp-image-3951\" style=\"width:558px;height:auto\" srcset=\"https:\/\/raulavellaneda.de\/wp-content\/uploads\/geschnitten-web-IMG_0715.jpg 428w, https:\/\/raulavellaneda.de\/wp-content\/uploads\/geschnitten-web-IMG_0715-295x300.jpg 295w\" sizes=\"auto, (max-width: 428px) 85vw, 428px\" \/><figcaption class=\"wp-element-caption\">Aus der Serie &#8222;Die Tr\u00e4ume des Papstes&#8220;, Collage mit bearbeiteter Fotokopie , 20 x 20 x 2 cm, 2010<\/figcaption><\/figure>\n<\/div>\n\n\n<div style=\"height:120px\" aria-hidden=\"true\" class=\"wp-block-spacer\"><\/div>\n\n\n<div class=\"wp-block-image\">\n<figure class=\"aligncenter size-full\"><img loading=\"lazy\" decoding=\"async\" width=\"480\" height=\"614\" src=\"https:\/\/raulavellaneda.de\/wp-content\/uploads\/web-IMG_0711-2.jpg\" alt=\"\" class=\"wp-image-3953\" srcset=\"https:\/\/raulavellaneda.de\/wp-content\/uploads\/web-IMG_0711-2.jpg 480w, https:\/\/raulavellaneda.de\/wp-content\/uploads\/web-IMG_0711-2-235x300.jpg 235w\" sizes=\"auto, (max-width: 480px) 85vw, 480px\" \/><figcaption class=\"wp-element-caption\">Aus der Serie &#8222;Die Tr\u00e4ume des Papstes&#8220;, Mischtechnik mit bearbeiteter Fotokopie auf Leinen, 30 x 40 x 2 cm, 2010<\/figcaption><\/figure>\n<\/div>\n\n\n<div style=\"height:120px\" aria-hidden=\"true\" class=\"wp-block-spacer\"><\/div>\n\n\n<div class=\"wp-block-image\">\n<figure class=\"aligncenter size-full\"><img loading=\"lazy\" decoding=\"async\" width=\"480\" height=\"623\" src=\"https:\/\/raulavellaneda.de\/wp-content\/uploads\/web-IMG_0709-1.jpg\" alt=\"\" class=\"wp-image-3954\" srcset=\"https:\/\/raulavellaneda.de\/wp-content\/uploads\/web-IMG_0709-1.jpg 480w, https:\/\/raulavellaneda.de\/wp-content\/uploads\/web-IMG_0709-1-231x300.jpg 231w\" sizes=\"auto, (max-width: 480px) 85vw, 480px\" \/><figcaption class=\"wp-element-caption\">Aus der Serie &#8222;Die Tr\u00e4ume des Papstes&#8220;, Mischtechnik mit bearbeiteter Fotokopie auf Leinen, 30 x 40 x 2 cm, 2010<\/figcaption><\/figure>\n<\/div>\n\n\n<div style=\"height:120px\" aria-hidden=\"true\" class=\"wp-block-spacer\"><\/div>\n\n\n<div class=\"wp-block-image\">\n<figure class=\"aligncenter size-full\"><img loading=\"lazy\" decoding=\"async\" width=\"480\" height=\"918\" src=\"https:\/\/raulavellaneda.de\/wp-content\/uploads\/web-IMG_0710-1.jpg\" alt=\"\" class=\"wp-image-1625\" srcset=\"https:\/\/raulavellaneda.de\/wp-content\/uploads\/web-IMG_0710-1.jpg 480w, https:\/\/raulavellaneda.de\/wp-content\/uploads\/web-IMG_0710-1-157x300.jpg 157w\" sizes=\"auto, (max-width: 480px) 85vw, 480px\" \/><figcaption class=\"wp-element-caption\">Aus der Serie &#8222;Die Tr\u00e4ume des Papstes&#8220;, Mischtechnik mit bearbeiteter Fotokopie auf verleimter Unterw\u00e4sche, 25,5 x 51 x 1 cm, 2010<\/figcaption><\/figure>\n<\/div>\n\n\n<div style=\"height:120px\" aria-hidden=\"true\" class=\"wp-block-spacer\"><\/div>\n\n\n<div class=\"wp-block-image\">\n<figure class=\"aligncenter size-full is-resized\"><img loading=\"lazy\" decoding=\"async\" width=\"480\" height=\"476\" src=\"https:\/\/raulavellaneda.de\/wp-content\/uploads\/web-IMG_0712-1.jpg\" alt=\"\" class=\"wp-image-3955\" style=\"width:620px;height:auto\" srcset=\"https:\/\/raulavellaneda.de\/wp-content\/uploads\/web-IMG_0712-1.jpg 480w, https:\/\/raulavellaneda.de\/wp-content\/uploads\/web-IMG_0712-1-300x298.jpg 300w, https:\/\/raulavellaneda.de\/wp-content\/uploads\/web-IMG_0712-1-150x150.jpg 150w\" sizes=\"auto, (max-width: 480px) 85vw, 480px\" \/><figcaption class=\"wp-element-caption\">Aus der Serie &#8222;Die Tr\u00e4ume des Papstes&#8220;, Mischtechnik mit bearbeiteter Fotokopie auf Leinen, 30 x 30 x 1 cm, 2010<\/figcaption><\/figure>\n<\/div>\n\n\n<div style=\"height:120px\" aria-hidden=\"true\" class=\"wp-block-spacer\"><\/div>\n\n\n<div class=\"wp-block-image\">\n<figure class=\"aligncenter size-large\"><img loading=\"lazy\" decoding=\"async\" width=\"392\" height=\"1024\" src=\"https:\/\/raulavellaneda.de\/wp-content\/uploads\/web-IMG_0714-392x1024.jpg\" alt=\"\" class=\"wp-image-1628\" srcset=\"https:\/\/raulavellaneda.de\/wp-content\/uploads\/web-IMG_0714-392x1024.jpg 392w, https:\/\/raulavellaneda.de\/wp-content\/uploads\/web-IMG_0714-115x300.jpg 115w, https:\/\/raulavellaneda.de\/wp-content\/uploads\/web-IMG_0714.jpg 480w\" sizes=\"auto, (max-width: 392px) 85vw, 392px\" \/><figcaption class=\"wp-element-caption\">Aus der Serie &#8222;Die Tr\u00e4ume des Papstes&#8220;, Assemblage mit bearbeiteter Fotokopie und Besteck-Etui, 9 x 25 x 2 cm, 2010<\/figcaption><\/figure>\n<\/div>\n\n\n<div style=\"height:120px\" aria-hidden=\"true\" class=\"wp-block-spacer\"><\/div>\n\n\n<div class=\"wp-block-image\">\n<figure class=\"aligncenter size-full\"><img loading=\"lazy\" decoding=\"async\" width=\"480\" height=\"625\" src=\"https:\/\/raulavellaneda.de\/wp-content\/uploads\/web-IMG_0713-1.jpg\" alt=\"\" class=\"wp-image-3957\" srcset=\"https:\/\/raulavellaneda.de\/wp-content\/uploads\/web-IMG_0713-1.jpg 480w, https:\/\/raulavellaneda.de\/wp-content\/uploads\/web-IMG_0713-1-230x300.jpg 230w\" sizes=\"auto, (max-width: 480px) 85vw, 480px\" \/><figcaption class=\"wp-element-caption\">Aus der Serie &#8222;Die Tr\u00e4ume des Papstes&#8220;, Assemblage mit bearbeiteter Fotokopie und Besteck-Etui, 22 x 29,5 x 2 cm, 2010<\/figcaption><\/figure>\n<\/div>\n\n\n<div style=\"height:10px\" aria-hidden=\"true\" class=\"wp-block-spacer\"><\/div>\n\n\n\n<p class=\"has-text-align-center has-medium-font-size\"><a href=\"https:\/\/raulavellaneda.de\/?page_id=1337\">Werke<\/a><\/p>\n","protected":false},"excerpt":{"rendered":"<p>Johannes Paul\u00a0II\u00a0war ein\u00a0polnischer\u00a0Geistlicher. Er war von seiner\u00a0Wahl am 16.\u00a0Oktober 1978\u00a0bis zu seinem Tod im Jahr 2005 der 264.\u00a0Bischof von Rom (Papst) und damit Oberhaupt der\u00a0r\u00f6misch-katholischen Kirche,\u00a0sowie das sechste Staatsoberhaupt der Vatikanstadt. Er war ein \u00fcberzeugter Antikommunist. Im Februar 1985, w\u00e4hrend die Grupo Chaclacayo am TODESBILDER Projekt arbeitete, besuchte Papst Johannes Paul II Peru. Er reiste &hellip; <a href=\"https:\/\/raulavellaneda.de\/?page_id=1285\" class=\"more-link\"><span class=\"screen-reader-text\">\u201e&#8222;Tr\u00e4ume des Papstes&#8220;\u201c<\/span> weiterlesen<\/a><\/p>\n","protected":false},"author":1,"featured_media":0,"parent":0,"menu_order":0,"comment_status":"closed","ping_status":"closed","template":"","meta":{"footnotes":""},"class_list":["post-1285","page","type-page","status-publish","hentry"],"_links":{"self":[{"href":"https:\/\/raulavellaneda.de\/index.php?rest_route=\/wp\/v2\/pages\/1285","targetHints":{"allow":["GET"]}}],"collection":[{"href":"https:\/\/raulavellaneda.de\/index.php?rest_route=\/wp\/v2\/pages"}],"about":[{"href":"https:\/\/raulavellaneda.de\/index.php?rest_route=\/wp\/v2\/types\/page"}],"author":[{"embeddable":true,"href":"https:\/\/raulavellaneda.de\/index.php?rest_route=\/wp\/v2\/users\/1"}],"replies":[{"embeddable":true,"href":"https:\/\/raulavellaneda.de\/index.php?rest_route=%2Fwp%2Fv2%2Fcomments&post=1285"}],"version-history":[{"count":30,"href":"https:\/\/raulavellaneda.de\/index.php?rest_route=\/wp\/v2\/pages\/1285\/revisions"}],"predecessor-version":[{"id":5123,"href":"https:\/\/raulavellaneda.de\/index.php?rest_route=\/wp\/v2\/pages\/1285\/revisions\/5123"}],"wp:attachment":[{"href":"https:\/\/raulavellaneda.de\/index.php?rest_route=%2Fwp%2Fv2%2Fmedia&parent=1285"}],"curies":[{"name":"wp","href":"https:\/\/api.w.org\/{rel}","templated":true}]}}

&#8222;Träume des Papstes&#8220;

<div style="height:20px" aria-hidden="true" class="wp-block-spacer"></div>



<p class="has-medium-font-size"><strong>Johannes Paul II</strong> war ein polnischer Geistlicher. Er war von seiner Wahl am 16. Oktober 1978 bis zu seinem Tod im Jahr 2005 der 264. Bischof von Rom (Papst) und damit Oberhaupt der römisch-katholischen Kirche, sowie das sechste Staatsoberhaupt der Vatikanstadt. Er war ein überzeugter Antikommunist.</p>



<p class="has-medium-font-size">Im Februar 1985, während die Grupo Chaclacayo am TODESBILDER Projekt arbeitete, besuchte Papst Johannes Paul II Peru. Er reiste auch in die Provinz Ayacucho, welche sich im Ausnahmezustand befand und vom Militär besetzt war. In diesem Gebiet geschahen, seit der Wiedereinführung des demokratischen Systems in Peru, die meisten politischen Massenmorde und schwere Verletzungen der Menschenrechte.</p>



<p class="has-medium-font-size">Im Jahr 1987 besuchte Johannes Paul II Chile. Als Präsident Salvador Allende, während des Militärputschs am 11. September 1973, ermordet wurde, kniete Johannes Paul II mit dem Diktator Pinochet zum Gebet nieder. Mit Lucia Hiriart de Pinochet, ihren fünf Kindern, 17 Enkeln und der Schwiegermutter des Diktators, sah er sich Familienfotos an.</p>



<p class="has-medium-font-size">Im Mai 1988 besuchte Papst Johannes Paul II zum zweiten Mal Peru. Unter anderen offiziellen Aktivitäten, weihte er das Land der Mutter Gottes, indem er einer Gipsstatue der Jungfrau Maria eine goldene Rose in die Hand legte, ein.</p>



<p class="has-medium-font-size">Am 14. Mai, während der Papst mit allen Ehrenbezeugungen in Lima empfangen wurde, führte die Armee in der Ayacucho-Provinz Cayara ein grauenhaftes Massaker durch.</p>



<div style="height:20px" aria-hidden="true" class="wp-block-spacer"></div>


<div class="wp-block-image">
<figure class="aligncenter size-full is-resized"><img loading="lazy" decoding="async" width="428" height="435" src="https://raulavellaneda.de/wp-content/uploads/geschnitten-web-IMG_0715.jpg" alt="" class="wp-image-3951" style="width:558px;height:auto" srcset="https://raulavellaneda.de/wp-content/uploads/geschnitten-web-IMG_0715.jpg 428w, https://raulavellaneda.de/wp-content/uploads/geschnitten-web-IMG_0715-295x300.jpg 295w" sizes="auto, (max-width: 428px) 85vw, 428px" /><figcaption class="wp-element-caption">Aus der Serie &#8222;Die Träume des Papstes&#8220;, Collage mit bearbeiteter Fotokopie , 20 x 20 x 2 cm, 2010</figcaption></figure>
</div>


<div style="height:120px" aria-hidden="true" class="wp-block-spacer"></div>


<div class="wp-block-image">
<figure class="aligncenter size-full"><img loading="lazy" decoding="async" width="480" height="614" src="https://raulavellaneda.de/wp-content/uploads/web-IMG_0711-2.jpg" alt="" class="wp-image-3953" srcset="https://raulavellaneda.de/wp-content/uploads/web-IMG_0711-2.jpg 480w, https://raulavellaneda.de/wp-content/uploads/web-IMG_0711-2-235x300.jpg 235w" sizes="auto, (max-width: 480px) 85vw, 480px" /><figcaption class="wp-element-caption">Aus der Serie &#8222;Die Träume des Papstes&#8220;, Mischtechnik mit bearbeiteter Fotokopie auf Leinen, 30 x 40 x 2 cm, 2010</figcaption></figure>
</div>


<div style="height:120px" aria-hidden="true" class="wp-block-spacer"></div>


<div class="wp-block-image">
<figure class="aligncenter size-full"><img loading="lazy" decoding="async" width="480" height="623" src="https://raulavellaneda.de/wp-content/uploads/web-IMG_0709-1.jpg" alt="" class="wp-image-3954" srcset="https://raulavellaneda.de/wp-content/uploads/web-IMG_0709-1.jpg 480w, https://raulavellaneda.de/wp-content/uploads/web-IMG_0709-1-231x300.jpg 231w" sizes="auto, (max-width: 480px) 85vw, 480px" /><figcaption class="wp-element-caption">Aus der Serie &#8222;Die Träume des Papstes&#8220;, Mischtechnik mit bearbeiteter Fotokopie auf Leinen, 30 x 40 x 2 cm, 2010</figcaption></figure>
</div>


<div style="height:120px" aria-hidden="true" class="wp-block-spacer"></div>


<div class="wp-block-image">
<figure class="aligncenter size-full"><img loading="lazy" decoding="async" width="480" height="918" src="https://raulavellaneda.de/wp-content/uploads/web-IMG_0710-1.jpg" alt="" class="wp-image-1625" srcset="https://raulavellaneda.de/wp-content/uploads/web-IMG_0710-1.jpg 480w, https://raulavellaneda.de/wp-content/uploads/web-IMG_0710-1-157x300.jpg 157w" sizes="auto, (max-width: 480px) 85vw, 480px" /><figcaption class="wp-element-caption">Aus der Serie &#8222;Die Träume des Papstes&#8220;, Mischtechnik mit bearbeiteter Fotokopie auf verleimter Unterwäsche, 25,5 x 51 x 1 cm, 2010</figcaption></figure>
</div>


<div style="height:120px" aria-hidden="true" class="wp-block-spacer"></div>


<div class="wp-block-image">
<figure class="aligncenter size-full is-resized"><img loading="lazy" decoding="async" width="480" height="476" src="https://raulavellaneda.de/wp-content/uploads/web-IMG_0712-1.jpg" alt="" class="wp-image-3955" style="width:620px;height:auto" srcset="https://raulavellaneda.de/wp-content/uploads/web-IMG_0712-1.jpg 480w, https://raulavellaneda.de/wp-content/uploads/web-IMG_0712-1-300x298.jpg 300w, https://raulavellaneda.de/wp-content/uploads/web-IMG_0712-1-150x150.jpg 150w" sizes="auto, (max-width: 480px) 85vw, 480px" /><figcaption class="wp-element-caption">Aus der Serie &#8222;Die Träume des Papstes&#8220;, Mischtechnik mit bearbeiteter Fotokopie auf Leinen, 30 x 30 x 1 cm, 2010</figcaption></figure>
</div>


<div style="height:120px" aria-hidden="true" class="wp-block-spacer"></div>


<div class="wp-block-image">
<figure class="aligncenter size-large"><img loading="lazy" decoding="async" width="392" height="1024" src="https://raulavellaneda.de/wp-content/uploads/web-IMG_0714-392x1024.jpg" alt="" class="wp-image-1628" srcset="https://raulavellaneda.de/wp-content/uploads/web-IMG_0714-392x1024.jpg 392w, https://raulavellaneda.de/wp-content/uploads/web-IMG_0714-115x300.jpg 115w, https://raulavellaneda.de/wp-content/uploads/web-IMG_0714.jpg 480w" sizes="auto, (max-width: 392px) 85vw, 392px" /><figcaption class="wp-element-caption">Aus der Serie &#8222;Die Träume des Papstes&#8220;, Assemblage mit bearbeiteter Fotokopie und Besteck-Etui, 9 x 25 x 2 cm, 2010</figcaption></figure>
</div>


<div style="height:120px" aria-hidden="true" class="wp-block-spacer"></div>


<div class="wp-block-image">
<figure class="aligncenter size-full"><img loading="lazy" decoding="async" width="480" height="625" src="https://raulavellaneda.de/wp-content/uploads/web-IMG_0713-1.jpg" alt="" class="wp-image-3957" srcset="https://raulavellaneda.de/wp-content/uploads/web-IMG_0713-1.jpg 480w, https://raulavellaneda.de/wp-content/uploads/web-IMG_0713-1-230x300.jpg 230w" sizes="auto, (max-width: 480px) 85vw, 480px" /><figcaption class="wp-element-caption">Aus der Serie &#8222;Die Träume des Papstes&#8220;, Assemblage mit bearbeiteter Fotokopie und Besteck-Etui, 22 x 29,5 x 2 cm, 2010</figcaption></figure>
</div>


<div style="height:10px" aria-hidden="true" class="wp-block-spacer"></div>



<p class="has-text-align-center has-medium-font-size"><a href="https://raulavellaneda.de/?page_id=1337">Werke</a></p>

<p>Johannes Paul II war ein polnischer Geistlicher. Er war von seiner Wahl am 16. Oktober 1978 bis zu seinem Tod im Jahr 2005 der 264. Bischof von Rom (Papst) und damit Oberhaupt der römisch-katholischen Kirche, sowie das sechste Staatsoberhaupt der Vatikanstadt. Er war ein überzeugter Antikommunist. Im Februar 1985, während die Grupo Chaclacayo am TODESBILDER Projekt arbeitete, besuchte Papst Johannes Paul II Peru. Er reiste &hellip; <a href="https://raulavellaneda.de/?page_id=1285" class="more-link"><span class="screen-reader-text">„&#8222;Träume des Papstes&#8220;“</span> weiterlesen</a></p>
